{"id":15767,"date":"2026-08-02T22:35:24","date_gmt":"2026-08-02T20:35:24","guid":{"rendered":"https:\/\/www.vemrent.com\/roma-accessibile\/piazza-di-spagna\/"},"modified":"2026-08-22T18:21:04","modified_gmt":"2026-08-22T16:21:04","slug":"piazza-di-spagna","status":"publish","type":"page","link":"https:\/\/www.vemrent.com\/fr\/roma-accessibile\/piazza-di-spagna\/","title":{"rendered":"Piazza di Spagna accessible en fauteuil roulant | Rome"},"content":{"rendered":"<h2>Le monument<\/h2>\n<p>La Piazza di Spagna, avec son escalier monumental de la Trinit\u00e9-des-Monts et la fontaine de la Barcaccia du Bernin, est l&rsquo;un des symboles les plus c\u00e9l\u00e8bres de Rome, et pour les visiteurs qui souhaitent explorer <em>piazza di spagna accessible rome<\/em>, il est utile de conna\u00eetre les options disponibles avant de partir.<\/p>\n<h2>Accessibilit\u00e9 et am\u00e9nagements<\/h2>\n<ul>\n<li>La <strong>place en bas<\/strong> est plane et accessible.<\/li>\n<li><strong>Attention :<\/strong> l&rsquo;escalier est compos\u00e9 de marches (non accessible).<\/li>\n<li>Pour rejoindre la Trinit\u00e9-des-Monts en haut, il est possible d&#8217;emprunter l&rsquo;<strong>ascenseur de la station de m\u00e9tro \u00ab Spagna \u00bb<\/strong>.<\/li>\n<li>Pav\u00e9s en sampietrini dans les rues alentour.<\/li>\n<\/ul>\n<div class=\"vrm-ausilio\"><p class=\"vrm-ausilio__title\"><i class=\"fa fa-wheelchair\" aria-hidden=\"true\"><\/i> Quelle aide \u00e0 la mobilit\u00e9 recommandons-nous pour cette visite<\/p><div class=\"vrm-ausilio__text\"><p>La place en contrebas se visite en fauteuil roulant ; pour rejoindre le sommet, utilisez l'ascenseur de la station de m\u00e9tro \u00ab Spagna \u00bb. L'escalier n'est pas praticable.<\/p>\n<\/div><a class=\"vrm-ausilio__btn\" href=\"https:\/\/www.vemrent.com\/fr\/location-fauteuil-roulant-italie\/\">Voir fauteuils roulants conseill\u00e9es <i class=\"fa fa-arrow-right\" aria-hidden=\"true\"><\/i><\/a><\/div>\n<div class=\"vrm-grid2\">\n<div>\n<h2>Tarifs et horaires<\/h2>\n<div class=\"vrm-costi\">\n<p><i class=\"fa fa-ticket-alt\"><\/i> Acc\u00e8s libre et gratuit.<\/p>\n<p><i class=\"fa fa-clock\"><\/i> Accessible \u00e0 toute heure, en plein air.<\/p>\n<p><a href=\"https:\/\/www.turismoroma.it\/\" target=\"_blank\" rel=\"noopener\">Informations actualis\u00e9es sur le site officiel <i class=\"fa fa-external-link-alt\" aria-hidden=\"true\"><\/i><\/a><\/p>\n<\/div>\n<\/div>\n<div>\n<h2>O\u00f9 se trouve le site<\/h2>\n<div class=\"vr-mappa\"><div class=\"vr-mappa__embed\" id=\"vr-single-map\" data-lat=\"41.9057\" data-lng=\"12.4823\" data-title=\"Piazza di Spagna accessible en fauteuil roulant | Rome\" style=\"height:300px;border-radius:10px;overflow:hidden;background:#f0f0f0;\"><\/div><\/div><\/div>\n<\/div>\n<h2>Comment y acc\u00e9der (acc\u00e8s adapt\u00e9)<\/h2>\n<div class=\"vrm-arrivo\">\n<div class=\"vrm-arrivo__row\"><i class=\"fa fa-train\"><\/i><\/p>\n<div><strong>Depuis Termini<\/strong> : M\u00e9tro A jusqu&rsquo;\u00e0 \u00ab Spagna \u00bb (station \u00e9quip\u00e9e d&rsquo;un ascenseur), sortie sur la place<\/div>\n<\/div>\n<div class=\"vrm-arrivo__row\"><i class=\"fa fa-plane\"><\/i><\/p>\n<div><strong>Depuis Fiumicino \/ Ciampino<\/strong> : correspondance vers Termini, puis M\u00e9tro A ; autre option : un transfert porte-\u00e0-porte.<\/div>\n<\/div>\n<div class=\"vrm-arrivo__row\"><i class=\"fa fa-ship\"><\/i><\/p>\n<div><strong>Depuis Civitavecchia (croisi\u00e8res)<\/strong> : train vers Rome puis M\u00e9tro A, ou transfert direct.<\/div>\n<\/div>\n<\/div>\n","protected":false},"excerpt":{"rendered":"<p>Le monument La Piazza di Spagna, avec son escalier monumental de la Trinit\u00e9-des-Monts et la fontaine de la Barcaccia du Bernin, est l&rsquo;un des symboles les plus c\u00e9l\u00e8bres de Rome, et pour les visiteurs qui souhaitent explorer piazza di spagna accessible rome, il est utile de conna\u00eetre les options disponibles avant de partir. Accessibilit\u00e9 et [&#8230;]\n","protected":false},"author":0,"featured_media":0,"parent":15536,"menu_order":0,"comment_status":"closed","ping_status":"closed","template":"","meta":{"_acf_changed":false,"footnotes":""},"class_list":["post-15767","page","type-page","status-publish","hentry"],"acf":[],"yoast_head":"<!-- This site is optimized with the Yoast SEO plugin v28.3 - https:\/\/yoast.com\/product\/yoast-seo-wordpress\/ -->\n<title>Piazza di Spagna accessible en fauteuil roulant | Rome<\/title>\n<meta name=\"description\" content=\"Piazza di Spagna \u00e0 Rome : acc\u00e8s PMR, escalier de la Trinit\u00e9-des-Monts et solutions de contournement pour visiter la place en fauteuil roulant.\" \/>\n<meta name=\"robots\" content=\"index, follow, max-snippet:-1, max-image-preview:large, max-video-preview:-1\" \/>\n<link rel=\"canonical\" href=\"https:\/\/www.vemrent.com\/fr\/roma-accessibile\/piazza-di-spagna\/\" \/>\n<meta property=\"og:locale\" content=\"fr_FR\" \/>\n<meta property=\"og:type\" content=\"article\" \/>\n<meta property=\"og:title\" content=\"Piazza di Spagna accessible en fauteuil roulant | Rome\" \/>\n<meta property=\"og:description\" content=\"Piazza di Spagna \u00e0 Rome : acc\u00e8s PMR, escalier de la Trinit\u00e9-des-Monts et solutions de contournement pour visiter la place en fauteuil roulant.\" \/>\n<meta property=\"og:url\" content=\"https:\/\/www.vemrent.com\/fr\/roma-accessibile\/piazza-di-spagna\/\" \/>\n<meta property=\"og:site_name\" content=\"VEM Location \u00e0 domicile\" \/>\n<meta property=\"article:publisher\" content=\"https:\/\/www.facebook.com\/vemelettromedicali\/\" \/>\n<meta property=\"article:modified_time\" content=\"2026-08-22T16:21:04+00:00\" \/>\n<meta name=\"twitter:label1\" content=\"Dur\u00e9e de lecture estim\u00e9e\" \/>\n\t<meta name=\"twitter:data1\" content=\"1 minute\" \/>\n<script type=\"application\/ld+json\" class=\"yoast-schema-graph\">{\"@context\":\"https:\\\/\\\/schema.org\",\"@graph\":[{\"@type\":\"WebPage\",\"@id\":\"https:\\\/\\\/www.vemrent.com\\\/fr\\\/roma-accessibile\\\/piazza-di-spagna\\\/\",\"url\":\"https:\\\/\\\/www.vemrent.com\\\/fr\\\/roma-accessibile\\\/piazza-di-spagna\\\/\",\"name\":\"Piazza di Spagna accessible en fauteuil roulant | Rome\",\"isPartOf\":{\"@id\":\"https:\\\/\\\/www.vemrent.com\\\/#website\"},\"datePublished\":\"2026-08-02T20:35:24+00:00\",\"dateModified\":\"2026-08-22T16:21:04+00:00\",\"description\":\"Piazza di Spagna \u00e0 Rome : acc\u00e8s PMR, escalier de la Trinit\u00e9-des-Monts et solutions de contournement pour visiter la place en fauteuil roulant.\",\"breadcrumb\":{\"@id\":\"https:\\\/\\\/www.vemrent.com\\\/fr\\\/roma-accessibile\\\/piazza-di-spagna\\\/#breadcrumb\"},\"inLanguage\":\"fr-FR\",\"potentialAction\":[{\"@type\":\"ReadAction\",\"target\":[\"https:\\\/\\\/www.vemrent.com\\\/fr\\\/roma-accessibile\\\/piazza-di-spagna\\\/\"]}]},{\"@type\":\"BreadcrumbList\",\"@id\":\"https:\\\/\\\/www.vemrent.com\\\/fr\\\/roma-accessibile\\\/piazza-di-spagna\\\/#breadcrumb\",\"itemListElement\":[{\"@type\":\"ListItem\",\"position\":1,\"name\":\"Home\",\"item\":\"https:\\\/\\\/www.vemrent.com\\\/fr\\\/\"},{\"@type\":\"ListItem\",\"position\":2,\"name\":\"Colosseum Rome accessibilit\u00e9 fauteuil roulant : guide comple\",\"item\":\"https:\\\/\\\/www.vemrent.com\\\/fr\\\/roma-accessibile\\\/\"},{\"@type\":\"ListItem\",\"position\":3,\"name\":\"Piazza di Spagna accessible en fauteuil roulant | Rome\"}]},{\"@type\":\"WebSite\",\"@id\":\"https:\\\/\\\/www.vemrent.com\\\/#website\",\"url\":\"https:\\\/\\\/www.vemrent.com\\\/\",\"name\":\"VEM Location \u00e0 domicile\",\"description\":\"Location d'aides \u00e0 la mobilit\u00e9 et de r\u00e9\u00e9ducation\",\"publisher\":{\"@id\":\"https:\\\/\\\/www.vemrent.com\\\/#organization\"},\"potentialAction\":[{\"@type\":\"SearchAction\",\"target\":{\"@type\":\"EntryPoint\",\"urlTemplate\":\"https:\\\/\\\/www.vemrent.com\\\/?s={search_term_string}\"},\"query-input\":{\"@type\":\"PropertyValueSpecification\",\"valueRequired\":true,\"valueName\":\"search_term_string\"}}],\"inLanguage\":\"fr-FR\"},{\"@type\":\"Organization\",\"@id\":\"https:\\\/\\\/www.vemrent.com\\\/#organization\",\"name\":\"VEM\",\"url\":\"https:\\\/\\\/www.vemrent.com\\\/\",\"logo\":{\"@type\":\"ImageObject\",\"inLanguage\":\"fr-FR\",\"@id\":\"https:\\\/\\\/www.vemrent.com\\\/#\\\/schema\\\/logo\\\/image\\\/\",\"url\":\"https:\\\/\\\/www.vemrent.com\\\/wp-content\\\/uploads\\\/2018\\\/02\\\/VEM_190x60.png\",\"contentUrl\":\"https:\\\/\\\/www.vemrent.com\\\/wp-content\\\/uploads\\\/2018\\\/02\\\/VEM_190x60.png\",\"width\":190,\"height\":52,\"caption\":\"VEM\"},\"image\":{\"@id\":\"https:\\\/\\\/www.vemrent.com\\\/#\\\/schema\\\/logo\\\/image\\\/\"},\"sameAs\":[\"https:\\\/\\\/www.facebook.com\\\/vemelettromedicali\\\/\",\"https:\\\/\\\/x.com\\\/vemrent_italy\",\"https:\\\/\\\/www.instagram.com\\\/vemrent\\\/\",\"https:\\\/\\\/www.linkedin.com\\\/company\\\/vemrent\\\/\",\"https:\\\/\\\/www.youtube.com\\\/channel\\\/UCVPNGLNXXMw1r2bP0BUNFwg\\\/featured\"]}]}<\/script>\n<!-- \/ Yoast SEO plugin. -->","yoast_head_json":{"title":"Piazza di Spagna accessible en fauteuil roulant | Rome","description":"Piazza di Spagna \u00e0 Rome : acc\u00e8s PMR, escalier de la Trinit\u00e9-des-Monts et solutions de contournement pour visiter la place en fauteuil roulant.","robots":{"index":"index","follow":"follow","max-snippet":"max-snippet:-1","max-image-preview":"max-image-preview:large","max-video-preview":"max-video-preview:-1"},"canonical":"https:\/\/www.vemrent.com\/fr\/roma-accessibile\/piazza-di-spagna\/","og_locale":"fr_FR","og_type":"article","og_title":"Piazza di Spagna accessible en fauteuil roulant | Rome","og_description":"Piazza di Spagna \u00e0 Rome : acc\u00e8s PMR, escalier de la Trinit\u00e9-des-Monts et solutions de contournement pour visiter la place en fauteuil roulant.","og_url":"https:\/\/www.vemrent.com\/fr\/roma-accessibile\/piazza-di-spagna\/","og_site_name":"VEM Location \u00e0 domicile","article_publisher":"https:\/\/www.facebook.com\/vemelettromedicali\/","article_modified_time":"2026-08-22T16:21:04+00:00","twitter_misc":{"Dur\u00e9e de lecture estim\u00e9e":"1 minute"},"schema":{"@context":"https:\/\/schema.org","@graph":[{"@type":"WebPage","@id":"https:\/\/www.vemrent.com\/fr\/roma-accessibile\/piazza-di-spagna\/","url":"https:\/\/www.vemrent.com\/fr\/roma-accessibile\/piazza-di-spagna\/","name":"Piazza di Spagna accessible en fauteuil roulant | Rome","isPartOf":{"@id":"https:\/\/www.vemrent.com\/#website"},"datePublished":"2026-08-02T20:35:24+00:00","dateModified":"2026-08-22T16:21:04+00:00","description":"Piazza di Spagna \u00e0 Rome : acc\u00e8s PMR, escalier de la Trinit\u00e9-des-Monts et solutions de contournement pour visiter la place en fauteuil roulant.","breadcrumb":{"@id":"https:\/\/www.vemrent.com\/fr\/roma-accessibile\/piazza-di-spagna\/#breadcrumb"},"inLanguage":"fr-FR","potentialAction":[{"@type":"ReadAction","target":["https:\/\/www.vemrent.com\/fr\/roma-accessibile\/piazza-di-spagna\/"]}]},{"@type":"BreadcrumbList","@id":"https:\/\/www.vemrent.com\/fr\/roma-accessibile\/piazza-di-spagna\/#breadcrumb","itemListElement":[{"@type":"ListItem","position":1,"name":"Home","item":"https:\/\/www.vemrent.com\/fr\/"},{"@type":"ListItem","position":2,"name":"Colosseum Rome accessibilit\u00e9 fauteuil roulant : guide comple","item":"https:\/\/www.vemrent.com\/fr\/roma-accessibile\/"},{"@type":"ListItem","position":3,"name":"Piazza di Spagna accessible en fauteuil roulant | Rome"}]},{"@type":"WebSite","@id":"https:\/\/www.vemrent.com\/#website","url":"https:\/\/www.vemrent.com\/","name":"VEM Location \u00e0 domicile","description":"Location d'aides \u00e0 la mobilit\u00e9 et de r\u00e9\u00e9ducation","publisher":{"@id":"https:\/\/www.vemrent.com\/#organization"},"potentialAction":[{"@type":"SearchAction","target":{"@type":"EntryPoint","urlTemplate":"https:\/\/www.vemrent.com\/?s={search_term_string}"},"query-input":{"@type":"PropertyValueSpecification","valueRequired":true,"valueName":"search_term_string"}}],"inLanguage":"fr-FR"},{"@type":"Organization","@id":"https:\/\/www.vemrent.com\/#organization","name":"VEM","url":"https:\/\/www.vemrent.com\/","logo":{"@type":"ImageObject","inLanguage":"fr-FR","@id":"https:\/\/www.vemrent.com\/#\/schema\/logo\/image\/","url":"https:\/\/www.vemrent.com\/wp-content\/uploads\/2018\/02\/VEM_190x60.png","contentUrl":"https:\/\/www.vemrent.com\/wp-content\/uploads\/2018\/02\/VEM_190x60.png","width":190,"height":52,"caption":"VEM"},"image":{"@id":"https:\/\/www.vemrent.com\/#\/schema\/logo\/image\/"},"sameAs":["https:\/\/www.facebook.com\/vemelettromedicali\/","https:\/\/x.com\/vemrent_italy","https:\/\/www.instagram.com\/vemrent\/","https:\/\/www.linkedin.com\/company\/vemrent\/","https:\/\/www.youtube.com\/channel\/UCVPNGLNXXMw1r2bP0BUNFwg\/featured"]}]}},"_links":{"self":[{"href":"https:\/\/www.vemrent.com\/fr\/wp-json\/wp\/v2\/pages\/15767","targetHints":{"allow":["GET"]}}],"collection":[{"href":"https:\/\/www.vemrent.com\/fr\/wp-json\/wp\/v2\/pages"}],"about":[{"href":"https:\/\/www.vemrent.com\/fr\/wp-json\/wp\/v2\/types\/page"}],"replies":[{"embeddable":true,"href":"https:\/\/www.vemrent.com\/fr\/wp-json\/wp\/v2\/comments?post=15767"}],"version-history":[{"count":2,"href":"https:\/\/www.vemrent.com\/fr\/wp-json\/wp\/v2\/pages\/15767\/revisions"}],"predecessor-version":[{"id":23098,"href":"https:\/\/www.vemrent.com\/fr\/wp-json\/wp\/v2\/pages\/15767\/revisions\/23098"}],"up":[{"embeddable":true,"href":"https:\/\/www.vemrent.com\/fr\/wp-json\/wp\/v2\/pages\/15536"}],"wp:attachment":[{"href":"https:\/\/www.vemrent.com\/fr\/wp-json\/wp\/v2\/media?parent=15767"}],"curies":[{"name":"wp","href":"https:\/\/api.w.org\/{rel}","templated":true}]}}

<h2>Le monument</h2>
<p>La Piazza di Spagna, avec son escalier monumental de la Trinité-des-Monts et la fontaine de la Barcaccia du Bernin, est l&rsquo;un des symboles les plus célèbres de Rome, et pour les visiteurs qui souhaitent explorer <em>piazza di spagna accessible rome</em>, il est utile de connaître les options disponibles avant de partir.</p>
<h2>Accessibilité et aménagements</h2>
<ul>
<li>La <strong>place en bas</strong> est plane et accessible.</li>
<li><strong>Attention :</strong> l&rsquo;escalier est composé de marches (non accessible).</li>
<li>Pour rejoindre la Trinité-des-Monts en haut, il est possible d&#8217;emprunter l&rsquo;<strong>ascenseur de la station de métro « Spagna »</strong>.</li>
<li>Pavés en sampietrini dans les rues alentour.</li>
</ul>
<div class="vrm-ausilio"><p class="vrm-ausilio__title"><i class="fa fa-wheelchair" aria-hidden="true"></i> Quelle aide à la mobilité recommandons-nous pour cette visite</p><div class="vrm-ausilio__text"><p>La place en contrebas se visite en fauteuil roulant ; pour rejoindre le sommet, utilisez l'ascenseur de la station de métro « Spagna ». L'escalier n'est pas praticable.</p>
</div><a class="vrm-ausilio__btn" href="https://www.vemrent.com/fr/location-fauteuil-roulant-italie/">Voir fauteuils roulants conseillées <i class="fa fa-arrow-right" aria-hidden="true"></i></a></div>
<div class="vrm-grid2">
<div>
<h2>Tarifs et horaires</h2>
<div class="vrm-costi">
<p><i class="fa fa-ticket-alt"></i> Accès libre et gratuit.</p>
<p><i class="fa fa-clock"></i> Accessible à toute heure, en plein air.</p>
<p><a href="https://www.turismoroma.it/" target="_blank" rel="noopener">Informations actualisées sur le site officiel <i class="fa fa-external-link-alt" aria-hidden="true"></i></a></p>
</div>
</div>
<div>
<h2>Où se trouve le site</h2>
<div class="vr-mappa"><div class="vr-mappa__embed" id="vr-single-map" data-lat="41.9057" data-lng="12.4823" data-title="Piazza di Spagna accessible en fauteuil roulant | Rome" style="height:300px;border-radius:10px;overflow:hidden;background:#f0f0f0;"></div></div></div>
</div>
<h2>Comment y accéder (accès adapté)</h2>
<div class="vrm-arrivo">
<div class="vrm-arrivo__row"><i class="fa fa-train"></i></p>
<div><strong>Depuis Termini</strong> : Métro A jusqu&rsquo;à « Spagna » (station équipée d&rsquo;un ascenseur), sortie sur la place</div>
</div>
<div class="vrm-arrivo__row"><i class="fa fa-plane"></i></p>
<div><strong>Depuis Fiumicino / Ciampino</strong> : correspondance vers Termini, puis Métro A ; autre option : un transfert porte-à-porte.</div>
</div>
<div class="vrm-arrivo__row"><i class="fa fa-ship"></i></p>
<div><strong>Depuis Civitavecchia (croisières)</strong> : train vers Rome puis Métro A, ou transfert direct.</div>
</div>
</div>

<p>Le monument La Piazza di Spagna, avec son escalier monumental de la Trinité-des-Monts et la fontaine de la Barcaccia du Bernin, est l&rsquo;un des symboles les plus célèbres de Rome, et pour les visiteurs qui souhaitent explorer piazza di spagna accessible rome, il est utile de connaître les options disponibles avant de partir. Accessibilité et [&#8230;]

<!-- This site is optimized with the Yoast SEO plugin v28.3 - https://yoast.com/product/yoast-seo-wordpress/ -->
<title>Piazza di Spagna accessible en fauteuil roulant | Rome</title>
<meta name="description" content="Piazza di Spagna à Rome : accès PMR, escalier de la Trinité-des-Monts et solutions de contournement pour visiter la place en fauteuil roulant." />
<meta name="robots" content="index, follow, max-snippet:-1, max-image-preview:large, max-video-preview:-1" />
<link rel="canonical" href="https://www.vemrent.com/fr/roma-accessibile/piazza-di-spagna/" />
<meta property="og:locale" content="fr_FR" />
<meta property="og:type" content="article" />
<meta property="og:title" content="Piazza di Spagna accessible en fauteuil roulant | Rome" />
<meta property="og:description" content="Piazza di Spagna à Rome : accès PMR, escalier de la Trinité-des-Monts et solutions de contournement pour visiter la place en fauteuil roulant." />
<meta property="og:url" content="https://www.vemrent.com/fr/roma-accessibile/piazza-di-spagna/" />
<meta property="og:site_name" content="VEM Location à domicile" />
<meta property="article:publisher" content="https://www.facebook.com/vemelettromedicali/" />
<meta property="article:modified_time" content="2026-08-22T16:21:04+00:00" />
<meta name="twitter:label1" content="Durée de lecture estimée" />
	<meta name="twitter:data1" content="1 minute" />
<script type="application/ld+json" class="yoast-schema-graph">{"@context":"https:\/\/schema.org","@graph":[{"@type":"WebPage","@id":"https:\/\/www.vemrent.com\/fr\/roma-accessibile\/piazza-di-spagna\/","url":"https:\/\/www.vemrent.com\/fr\/roma-accessibile\/piazza-di-spagna\/","name":"Piazza di Spagna accessible en fauteuil roulant | Rome","isPartOf":{"@id":"https:\/\/www.vemrent.com\/#website"},"datePublished":"2026-08-02T20:35:24+00:00","dateModified":"2026-08-22T16:21:04+00:00","description":"Piazza di Spagna à Rome : accès PMR, escalier de la Trinité-des-Monts et solutions de contournement pour visiter la place en fauteuil roulant.","breadcrumb":{"@id":"https:\/\/www.vemrent.com\/fr\/roma-accessibile\/piazza-di-spagna\/#breadcrumb"},"inLanguage":"fr-FR","potentialAction":[{"@type":"ReadAction","target":["https:\/\/www.vemrent.com\/fr\/roma-accessibile\/piazza-di-spagna\/"]}]},{"@type":"BreadcrumbList","@id":"https:\/\/www.vemrent.com\/fr\/roma-accessibile\/piazza-di-spagna\/#breadcrumb","itemListElement":[{"@type":"ListItem","position":1,"name":"Home","item":"https:\/\/www.vemrent.com\/fr\/"},{"@type":"ListItem","position":2,"name":"Colosseum Rome accessibilité fauteuil roulant : guide comple","item":"https:\/\/www.vemrent.com\/fr\/roma-accessibile\/"},{"@type":"ListItem","position":3,"name":"Piazza di Spagna accessible en fauteuil roulant | Rome"}]},{"@type":"WebSite","@id":"https:\/\/www.vemrent.com\/#website","url":"https:\/\/www.vemrent.com\/","name":"VEM Location à domicile","description":"Location d'aides à la mobilité et de rééducation","publisher":{"@id":"https:\/\/www.vemrent.com\/#organization"},"potentialAction":[{"@type":"SearchAction","target":{"@type":"EntryPoint","urlTemplate":"https:\/\/www.vemrent.com\/?s={search_term_string}"},"query-input":{"@type":"PropertyValueSpecification","valueRequired":true,"valueName":"search_term_string"}}],"inLanguage":"fr-FR"},{"@type":"Organization","@id":"https:\/\/www.vemrent.com\/#organization","name":"VEM","url":"https:\/\/www.vemrent.com\/","logo":{"@type":"ImageObject","inLanguage":"fr-FR","@id":"https:\/\/www.vemrent.com\/#\/schema\/logo\/image\/","url":"https:\/\/www.vemrent.com\/wp-content\/uploads\/2018\/02\/VEM_190x60.png","contentUrl":"https:\/\/www.vemrent.com\/wp-content\/uploads\/2018\/02\/VEM_190x60.png","width":190,"height":52,"caption":"VEM"},"image":{"@id":"https:\/\/www.vemrent.com\/#\/schema\/logo\/image\/"},"sameAs":["https:\/\/www.facebook.com\/vemelettromedicali\/","https:\/\/x.com\/vemrent_italy","https:\/\/www.instagram.com\/vemrent\/","https:\/\/www.linkedin.com\/company\/vemrent\/","https:\/\/www.youtube.com\/channel\/UCVPNGLNXXMw1r2bP0BUNFwg\/featured"]}]}</script>
<!-- / Yoast SEO plugin. -->

Piazza di Spagna à Rome : accès PMR, escalier de la Trinité-des-Monts et solutions de contournement pour visiter la place en fauteuil roulant.

VEM Location à domicile

Colosseum Rome accessibilité fauteuil roulant : guide comple

Location d'aides à la mobilité et de rééducation
