{"id":15817,"date":"2026-08-02T22:35:25","date_gmt":"2026-08-02T20:35:25","guid":{"rendered":"https:\/\/www.vemrent.com\/roma-accessibile\/trastevere\/"},"modified":"2026-08-22T18:21:03","modified_gmt":"2026-08-22T16:21:03","slug":"trastevere","status":"publish","type":"page","link":"https:\/\/www.vemrent.com\/de\/roma-accessibile\/trastevere\/","title":{"rendered":"Trastevere barrierefrei: Rom zug\u00e4nglich entdecken"},"content":{"rendered":"<h2>Das Viertel<\/h2>\n<p>Trastevere barrierefrei zu erkunden ist ein besonderes Erlebnis: Das malerischste Viertel Roms begeistert mit verwinkelten Gassen, der Basilika Santa Maria in Trastevere und lebhaftem Abendleben.<\/p>\n<h2>Barrierefreiheit und Hinweise<\/h2>\n<ul>\n<li><strong>Freier Eintritt<\/strong>; Gassen und kleine Pl\u00e4tze fast durchgehend mit <strong>Kopfsteinpflaster<\/strong> (Sampietrini) belegt, teils uneben und holprig.<\/li>\n<li>Einige Anstiege Richtung Gianicolo; Lokale und Restaurants k\u00f6nnen Eingangsstufen haben.<\/li>\n<\/ul>\n<div class=\"vrm-ausilio\"><p class=\"vrm-ausilio__title\"><i class=\"fa fa-wheelchair\" aria-hidden=\"true\"><\/i> Welches Hilfsmittel wir f\u00fcr diesen Besuch empfehlen<\/p><div class=\"vrm-ausilio__text\"><p>Verbreitetes Kopfsteinpflaster und einige Steigungen: Am besten geeignet ist ein Scooter mit gro\u00dfen R\u00e4dern oder ein robuster Rollstuhl mit Begleitperson.<\/p>\n<\/div><a class=\"vrm-ausilio__btn\" href=\"https:\/\/www.vemrent.com\/de\/elektromobil-verleih-rom\/\">Empfohlene elektroscooter anzeigen <i class=\"fa fa-arrow-right\" aria-hidden=\"true\"><\/i><\/a><\/div>\n<div class=\"vrm-grid2\">\n<div>\n<h2>Kosten und \u00d6ffnungszeiten<\/h2>\n<div class=\"vrm-costi\">\n<p><i class=\"fa fa-ticket-alt\"><\/i> Eintritt frei.<\/p>\n<p><i class=\"fa fa-clock\"><\/i> Jederzeit zug\u00e4nglich, da Freigel\u00e4nde.<\/p>\n<p><a href=\"https:\/\/www.turismoroma.it\/\" target=\"_blank\" rel=\"noopener\">Aktuelle Informationen auf der offiziellen Website <i class=\"fa fa-external-link-alt\" aria-hidden=\"true\"><\/i><\/a><\/p>\n<\/div>\n<\/div>\n<div>\n<h2>Lage<\/h2>\n<div class=\"vr-mappa\"><div class=\"vr-mappa__embed\" id=\"vr-single-map\" data-lat=\"41.8896\" data-lng=\"12.4697\" data-title=\"Trastevere barrierefrei: Rom zug\u00e4nglich entdecken\" style=\"height:300px;border-radius:10px;overflow:hidden;background:#f0f0f0;\"><\/div><\/div><\/div>\n<\/div>\n<h2>Anreise (barrierefrei)<\/h2>\n<div class=\"vrm-arrivo\">\n<div class=\"vrm-arrivo__row\"><i class=\"fa fa-train\"><\/i><\/p>\n<div><strong>Ab Termini<\/strong>: Stra\u00dfenbahn 8 ab Piazza Venezia oder Bus H ab Termini bis Trastevere<\/div>\n<\/div>\n<div class=\"vrm-arrivo__row\"><i class=\"fa fa-plane\"><\/i><\/p>\n<div><strong>Ab Fiumicino \/ Ciampino<\/strong>: Verbindung nach Termini, dann Stra\u00dfenbahn oder Bus; alternativ ein T\u00fcr-zu-T\u00fcr-Transfer.<\/div>\n<\/div>\n<div class=\"vrm-arrivo__row\"><i class=\"fa fa-ship\"><\/i><\/p>\n<div><strong>Ab Civitavecchia (Kreuzfahrt)<\/strong>: Zug nach Rom und Weiterfahrt, oder direkter Transfer.<\/div>\n<\/div>\n<\/div>\n","protected":false},"excerpt":{"rendered":"<p>Das Viertel Trastevere barrierefrei zu erkunden ist ein besonderes Erlebnis: Das malerischste Viertel Roms begeistert mit verwinkelten Gassen, der Basilika Santa Maria in Trastevere und lebhaftem Abendleben. Barrierefreiheit und Hinweise Freier Eintritt; Gassen und kleine Pl\u00e4tze fast durchgehend mit Kopfsteinpflaster (Sampietrini) belegt, teils uneben und holprig. Einige Anstiege Richtung Gianicolo; Lokale und Restaurants k\u00f6nnen Eingangsstufen [&#8230;]\n","protected":false},"author":0,"featured_media":0,"parent":15537,"menu_order":0,"comment_status":"closed","ping_status":"closed","template":"","meta":{"_acf_changed":false,"footnotes":""},"class_list":["post-15817","page","type-page","status-publish","hentry"],"acf":[],"yoast_head":"<!-- This site is optimized with the Yoast SEO plugin v28.3 - https:\/\/yoast.com\/product\/yoast-seo-wordpress\/ -->\n<title>Trastevere barrierefrei: Rom zug\u00e4nglich entdecken<\/title>\n<meta name=\"description\" content=\"Trastevere barrierefrei erkunden: Rampen, Rollstuhlzugang &amp; Tipps f\u00fcr Ihre Reise nach Rom. VemRent hilft mit Mobilit\u00e4tshilfen vor Ort.\" \/>\n<meta name=\"robots\" content=\"index, follow, max-snippet:-1, max-image-preview:large, max-video-preview:-1\" \/>\n<link rel=\"canonical\" href=\"https:\/\/www.vemrent.com\/de\/roma-accessibile\/trastevere\/\" \/>\n<meta property=\"og:locale\" content=\"de_DE\" \/>\n<meta property=\"og:type\" content=\"article\" \/>\n<meta property=\"og:title\" content=\"Trastevere barrierefrei: Rom zug\u00e4nglich entdecken\" \/>\n<meta property=\"og:description\" content=\"Trastevere barrierefrei erkunden: Rampen, Rollstuhlzugang &amp; Tipps f\u00fcr Ihre Reise nach Rom. VemRent hilft mit Mobilit\u00e4tshilfen vor Ort.\" \/>\n<meta property=\"og:url\" content=\"https:\/\/www.vemrent.com\/de\/roma-accessibile\/trastevere\/\" \/>\n<meta property=\"og:site_name\" content=\"VEM Vermietung mit Lieferung\" \/>\n<meta property=\"article:publisher\" content=\"https:\/\/www.facebook.com\/vemelettromedicali\/\" \/>\n<meta property=\"article:modified_time\" content=\"2026-08-22T16:21:03+00:00\" \/>\n<meta name=\"twitter:label1\" content=\"Gesch\u00e4tzte Lesezeit\" \/>\n\t<meta name=\"twitter:data1\" content=\"1\u00a0Minute\" \/>\n<script type=\"application\/ld+json\" class=\"yoast-schema-graph\">{\"@context\":\"https:\\\/\\\/schema.org\",\"@graph\":[{\"@type\":\"WebPage\",\"@id\":\"https:\\\/\\\/www.vemrent.com\\\/de\\\/roma-accessibile\\\/trastevere\\\/\",\"url\":\"https:\\\/\\\/www.vemrent.com\\\/de\\\/roma-accessibile\\\/trastevere\\\/\",\"name\":\"Trastevere barrierefrei: Rom zug\u00e4nglich entdecken\",\"isPartOf\":{\"@id\":\"https:\\\/\\\/www.vemrent.com\\\/#website\"},\"datePublished\":\"2026-08-02T20:35:25+00:00\",\"dateModified\":\"2026-08-22T16:21:03+00:00\",\"description\":\"Trastevere barrierefrei erkunden: Rampen, Rollstuhlzugang & Tipps f\u00fcr Ihre Reise nach Rom. VemRent hilft mit Mobilit\u00e4tshilfen vor Ort.\",\"breadcrumb\":{\"@id\":\"https:\\\/\\\/www.vemrent.com\\\/de\\\/roma-accessibile\\\/trastevere\\\/#breadcrumb\"},\"inLanguage\":\"de\",\"potentialAction\":[{\"@type\":\"ReadAction\",\"target\":[\"https:\\\/\\\/www.vemrent.com\\\/de\\\/roma-accessibile\\\/trastevere\\\/\"]}]},{\"@type\":\"BreadcrumbList\",\"@id\":\"https:\\\/\\\/www.vemrent.com\\\/de\\\/roma-accessibile\\\/trastevere\\\/#breadcrumb\",\"itemListElement\":[{\"@type\":\"ListItem\",\"position\":1,\"name\":\"Home\",\"item\":\"https:\\\/\\\/www.vemrent.com\\\/de\\\/\"},{\"@type\":\"ListItem\",\"position\":2,\"name\":\"Rom Rollstuhl Zugang: Tipps f\u00fcr barrierefreies Reisen\",\"item\":\"https:\\\/\\\/www.vemrent.com\\\/de\\\/roma-accessibile\\\/\"},{\"@type\":\"ListItem\",\"position\":3,\"name\":\"Trastevere barrierefrei: Rom zug\u00e4nglich entdecken\"}]},{\"@type\":\"WebSite\",\"@id\":\"https:\\\/\\\/www.vemrent.com\\\/#website\",\"url\":\"https:\\\/\\\/www.vemrent.com\\\/\",\"name\":\"VEM Vermietung mit Lieferung\",\"description\":\"Vermietung von Mobilit\u00e4ts- und Reha-Hilfsmitteln\",\"publisher\":{\"@id\":\"https:\\\/\\\/www.vemrent.com\\\/#organization\"},\"potentialAction\":[{\"@type\":\"SearchAction\",\"target\":{\"@type\":\"EntryPoint\",\"urlTemplate\":\"https:\\\/\\\/www.vemrent.com\\\/?s={search_term_string}\"},\"query-input\":{\"@type\":\"PropertyValueSpecification\",\"valueRequired\":true,\"valueName\":\"search_term_string\"}}],\"inLanguage\":\"de\"},{\"@type\":\"Organization\",\"@id\":\"https:\\\/\\\/www.vemrent.com\\\/#organization\",\"name\":\"VEM\",\"url\":\"https:\\\/\\\/www.vemrent.com\\\/\",\"logo\":{\"@type\":\"ImageObject\",\"inLanguage\":\"de\",\"@id\":\"https:\\\/\\\/www.vemrent.com\\\/#\\\/schema\\\/logo\\\/image\\\/\",\"url\":\"https:\\\/\\\/www.vemrent.com\\\/wp-content\\\/uploads\\\/2018\\\/02\\\/VEM_190x60.png\",\"contentUrl\":\"https:\\\/\\\/www.vemrent.com\\\/wp-content\\\/uploads\\\/2018\\\/02\\\/VEM_190x60.png\",\"width\":190,\"height\":52,\"caption\":\"VEM\"},\"image\":{\"@id\":\"https:\\\/\\\/www.vemrent.com\\\/#\\\/schema\\\/logo\\\/image\\\/\"},\"sameAs\":[\"https:\\\/\\\/www.facebook.com\\\/vemelettromedicali\\\/\",\"https:\\\/\\\/x.com\\\/vemrent_italy\",\"https:\\\/\\\/www.instagram.com\\\/vemrent\\\/\",\"https:\\\/\\\/www.linkedin.com\\\/company\\\/vemrent\\\/\",\"https:\\\/\\\/www.youtube.com\\\/channel\\\/UCVPNGLNXXMw1r2bP0BUNFwg\\\/featured\"]}]}<\/script>\n<!-- \/ Yoast SEO plugin. -->","yoast_head_json":{"title":"Trastevere barrierefrei: Rom zug\u00e4nglich entdecken","description":"Trastevere barrierefrei erkunden: Rampen, Rollstuhlzugang & Tipps f\u00fcr Ihre Reise nach Rom. VemRent hilft mit Mobilit\u00e4tshilfen vor Ort.","robots":{"index":"index","follow":"follow","max-snippet":"max-snippet:-1","max-image-preview":"max-image-preview:large","max-video-preview":"max-video-preview:-1"},"canonical":"https:\/\/www.vemrent.com\/de\/roma-accessibile\/trastevere\/","og_locale":"de_DE","og_type":"article","og_title":"Trastevere barrierefrei: Rom zug\u00e4nglich entdecken","og_description":"Trastevere barrierefrei erkunden: Rampen, Rollstuhlzugang & Tipps f\u00fcr Ihre Reise nach Rom. VemRent hilft mit Mobilit\u00e4tshilfen vor Ort.","og_url":"https:\/\/www.vemrent.com\/de\/roma-accessibile\/trastevere\/","og_site_name":"VEM Vermietung mit Lieferung","article_publisher":"https:\/\/www.facebook.com\/vemelettromedicali\/","article_modified_time":"2026-08-22T16:21:03+00:00","twitter_misc":{"Gesch\u00e4tzte Lesezeit":"1\u00a0Minute"},"schema":{"@context":"https:\/\/schema.org","@graph":[{"@type":"WebPage","@id":"https:\/\/www.vemrent.com\/de\/roma-accessibile\/trastevere\/","url":"https:\/\/www.vemrent.com\/de\/roma-accessibile\/trastevere\/","name":"Trastevere barrierefrei: Rom zug\u00e4nglich entdecken","isPartOf":{"@id":"https:\/\/www.vemrent.com\/#website"},"datePublished":"2026-08-02T20:35:25+00:00","dateModified":"2026-08-22T16:21:03+00:00","description":"Trastevere barrierefrei erkunden: Rampen, Rollstuhlzugang & Tipps f\u00fcr Ihre Reise nach Rom. VemRent hilft mit Mobilit\u00e4tshilfen vor Ort.","breadcrumb":{"@id":"https:\/\/www.vemrent.com\/de\/roma-accessibile\/trastevere\/#breadcrumb"},"inLanguage":"de","potentialAction":[{"@type":"ReadAction","target":["https:\/\/www.vemrent.com\/de\/roma-accessibile\/trastevere\/"]}]},{"@type":"BreadcrumbList","@id":"https:\/\/www.vemrent.com\/de\/roma-accessibile\/trastevere\/#breadcrumb","itemListElement":[{"@type":"ListItem","position":1,"name":"Home","item":"https:\/\/www.vemrent.com\/de\/"},{"@type":"ListItem","position":2,"name":"Rom Rollstuhl Zugang: Tipps f\u00fcr barrierefreies Reisen","item":"https:\/\/www.vemrent.com\/de\/roma-accessibile\/"},{"@type":"ListItem","position":3,"name":"Trastevere barrierefrei: Rom zug\u00e4nglich entdecken"}]},{"@type":"WebSite","@id":"https:\/\/www.vemrent.com\/#website","url":"https:\/\/www.vemrent.com\/","name":"VEM Vermietung mit Lieferung","description":"Vermietung von Mobilit\u00e4ts- und Reha-Hilfsmitteln","publisher":{"@id":"https:\/\/www.vemrent.com\/#organization"},"potentialAction":[{"@type":"SearchAction","target":{"@type":"EntryPoint","urlTemplate":"https:\/\/www.vemrent.com\/?s={search_term_string}"},"query-input":{"@type":"PropertyValueSpecification","valueRequired":true,"valueName":"search_term_string"}}],"inLanguage":"de"},{"@type":"Organization","@id":"https:\/\/www.vemrent.com\/#organization","name":"VEM","url":"https:\/\/www.vemrent.com\/","logo":{"@type":"ImageObject","inLanguage":"de","@id":"https:\/\/www.vemrent.com\/#\/schema\/logo\/image\/","url":"https:\/\/www.vemrent.com\/wp-content\/uploads\/2018\/02\/VEM_190x60.png","contentUrl":"https:\/\/www.vemrent.com\/wp-content\/uploads\/2018\/02\/VEM_190x60.png","width":190,"height":52,"caption":"VEM"},"image":{"@id":"https:\/\/www.vemrent.com\/#\/schema\/logo\/image\/"},"sameAs":["https:\/\/www.facebook.com\/vemelettromedicali\/","https:\/\/x.com\/vemrent_italy","https:\/\/www.instagram.com\/vemrent\/","https:\/\/www.linkedin.com\/company\/vemrent\/","https:\/\/www.youtube.com\/channel\/UCVPNGLNXXMw1r2bP0BUNFwg\/featured"]}]}},"_links":{"self":[{"href":"https:\/\/www.vemrent.com\/de\/wp-json\/wp\/v2\/pages\/15817","targetHints":{"allow":["GET"]}}],"collection":[{"href":"https:\/\/www.vemrent.com\/de\/wp-json\/wp\/v2\/pages"}],"about":[{"href":"https:\/\/www.vemrent.com\/de\/wp-json\/wp\/v2\/types\/page"}],"replies":[{"embeddable":true,"href":"https:\/\/www.vemrent.com\/de\/wp-json\/wp\/v2\/comments?post=15817"}],"version-history":[{"count":2,"href":"https:\/\/www.vemrent.com\/de\/wp-json\/wp\/v2\/pages\/15817\/revisions"}],"predecessor-version":[{"id":23090,"href":"https:\/\/www.vemrent.com\/de\/wp-json\/wp\/v2\/pages\/15817\/revisions\/23090"}],"up":[{"embeddable":true,"href":"https:\/\/www.vemrent.com\/de\/wp-json\/wp\/v2\/pages\/15537"}],"wp:attachment":[{"href":"https:\/\/www.vemrent.com\/de\/wp-json\/wp\/v2\/media?parent=15817"}],"curies":[{"name":"wp","href":"https:\/\/api.w.org\/{rel}","templated":true}]}}

Trastevere barrierefrei: Rom zugänglich entdecken

<h2>Das Viertel</h2>
<p>Trastevere barrierefrei zu erkunden ist ein besonderes Erlebnis: Das malerischste Viertel Roms begeistert mit verwinkelten Gassen, der Basilika Santa Maria in Trastevere und lebhaftem Abendleben.</p>
<h2>Barrierefreiheit und Hinweise</h2>
<ul>
<li><strong>Freier Eintritt</strong>; Gassen und kleine Plätze fast durchgehend mit <strong>Kopfsteinpflaster</strong> (Sampietrini) belegt, teils uneben und holprig.</li>
<li>Einige Anstiege Richtung Gianicolo; Lokale und Restaurants können Eingangsstufen haben.</li>
</ul>
<div class="vrm-ausilio"><p class="vrm-ausilio__title"><i class="fa fa-wheelchair" aria-hidden="true"></i> Welches Hilfsmittel wir für diesen Besuch empfehlen</p><div class="vrm-ausilio__text"><p>Verbreitetes Kopfsteinpflaster und einige Steigungen: Am besten geeignet ist ein Scooter mit großen Rädern oder ein robuster Rollstuhl mit Begleitperson.</p>
</div><a class="vrm-ausilio__btn" href="https://www.vemrent.com/de/elektromobil-verleih-rom/">Empfohlene elektroscooter anzeigen <i class="fa fa-arrow-right" aria-hidden="true"></i></a></div>
<div class="vrm-grid2">
<div>
<h2>Kosten und Öffnungszeiten</h2>
<div class="vrm-costi">
<p><i class="fa fa-ticket-alt"></i> Eintritt frei.</p>
<p><i class="fa fa-clock"></i> Jederzeit zugänglich, da Freigelände.</p>
<p><a href="https://www.turismoroma.it/" target="_blank" rel="noopener">Aktuelle Informationen auf der offiziellen Website <i class="fa fa-external-link-alt" aria-hidden="true"></i></a></p>
</div>
</div>
<div>
<h2>Lage</h2>
<div class="vr-mappa"><div class="vr-mappa__embed" id="vr-single-map" data-lat="41.8896" data-lng="12.4697" data-title="Trastevere barrierefrei: Rom zugänglich entdecken" style="height:300px;border-radius:10px;overflow:hidden;background:#f0f0f0;"></div></div></div>
</div>
<h2>Anreise (barrierefrei)</h2>
<div class="vrm-arrivo">
<div class="vrm-arrivo__row"><i class="fa fa-train"></i></p>
<div><strong>Ab Termini</strong>: Straßenbahn 8 ab Piazza Venezia oder Bus H ab Termini bis Trastevere</div>
</div>
<div class="vrm-arrivo__row"><i class="fa fa-plane"></i></p>
<div><strong>Ab Fiumicino / Ciampino</strong>: Verbindung nach Termini, dann Straßenbahn oder Bus; alternativ ein Tür-zu-Tür-Transfer.</div>
</div>
<div class="vrm-arrivo__row"><i class="fa fa-ship"></i></p>
<div><strong>Ab Civitavecchia (Kreuzfahrt)</strong>: Zug nach Rom und Weiterfahrt, oder direkter Transfer.</div>
</div>
</div>

<p>Das Viertel Trastevere barrierefrei zu erkunden ist ein besonderes Erlebnis: Das malerischste Viertel Roms begeistert mit verwinkelten Gassen, der Basilika Santa Maria in Trastevere und lebhaftem Abendleben. Barrierefreiheit und Hinweise Freier Eintritt; Gassen und kleine Plätze fast durchgehend mit Kopfsteinpflaster (Sampietrini) belegt, teils uneben und holprig. Einige Anstiege Richtung Gianicolo; Lokale und Restaurants können Eingangsstufen [&#8230;]

<!-- This site is optimized with the Yoast SEO plugin v28.3 - https://yoast.com/product/yoast-seo-wordpress/ -->
<title>Trastevere barrierefrei: Rom zugänglich entdecken</title>
<meta name="description" content="Trastevere barrierefrei erkunden: Rampen, Rollstuhlzugang &amp; Tipps für Ihre Reise nach Rom. VemRent hilft mit Mobilitätshilfen vor Ort." />
<meta name="robots" content="index, follow, max-snippet:-1, max-image-preview:large, max-video-preview:-1" />
<link rel="canonical" href="https://www.vemrent.com/de/roma-accessibile/trastevere/" />
<meta property="og:locale" content="de_DE" />
<meta property="og:type" content="article" />
<meta property="og:title" content="Trastevere barrierefrei: Rom zugänglich entdecken" />
<meta property="og:description" content="Trastevere barrierefrei erkunden: Rampen, Rollstuhlzugang &amp; Tipps für Ihre Reise nach Rom. VemRent hilft mit Mobilitätshilfen vor Ort." />
<meta property="og:url" content="https://www.vemrent.com/de/roma-accessibile/trastevere/" />
<meta property="og:site_name" content="VEM Vermietung mit Lieferung" />
<meta property="article:publisher" content="https://www.facebook.com/vemelettromedicali/" />
<meta property="article:modified_time" content="2026-08-22T16:21:03+00:00" />
<meta name="twitter:label1" content="Geschätzte Lesezeit" />
	<meta name="twitter:data1" content="1 Minute" />
<script type="application/ld+json" class="yoast-schema-graph">{"@context":"https:\/\/schema.org","@graph":[{"@type":"WebPage","@id":"https:\/\/www.vemrent.com\/de\/roma-accessibile\/trastevere\/","url":"https:\/\/www.vemrent.com\/de\/roma-accessibile\/trastevere\/","name":"Trastevere barrierefrei: Rom zugänglich entdecken","isPartOf":{"@id":"https:\/\/www.vemrent.com\/#website"},"datePublished":"2026-08-02T20:35:25+00:00","dateModified":"2026-08-22T16:21:03+00:00","description":"Trastevere barrierefrei erkunden: Rampen, Rollstuhlzugang & Tipps für Ihre Reise nach Rom. VemRent hilft mit Mobilitätshilfen vor Ort.","breadcrumb":{"@id":"https:\/\/www.vemrent.com\/de\/roma-accessibile\/trastevere\/#breadcrumb"},"inLanguage":"de","potentialAction":[{"@type":"ReadAction","target":["https:\/\/www.vemrent.com\/de\/roma-accessibile\/trastevere\/"]}]},{"@type":"BreadcrumbList","@id":"https:\/\/www.vemrent.com\/de\/roma-accessibile\/trastevere\/#breadcrumb","itemListElement":[{"@type":"ListItem","position":1,"name":"Home","item":"https:\/\/www.vemrent.com\/de\/"},{"@type":"ListItem","position":2,"name":"Rom Rollstuhl Zugang: Tipps für barrierefreies Reisen","item":"https:\/\/www.vemrent.com\/de\/roma-accessibile\/"},{"@type":"ListItem","position":3,"name":"Trastevere barrierefrei: Rom zugänglich entdecken"}]},{"@type":"WebSite","@id":"https:\/\/www.vemrent.com\/#website","url":"https:\/\/www.vemrent.com\/","name":"VEM Vermietung mit Lieferung","description":"Vermietung von Mobilitäts- und Reha-Hilfsmitteln","publisher":{"@id":"https:\/\/www.vemrent.com\/#organization"},"potentialAction":[{"@type":"SearchAction","target":{"@type":"EntryPoint","urlTemplate":"https:\/\/www.vemrent.com\/?s={search_term_string}"},"query-input":{"@type":"PropertyValueSpecification","valueRequired":true,"valueName":"search_term_string"}}],"inLanguage":"de"},{"@type":"Organization","@id":"https:\/\/www.vemrent.com\/#organization","name":"VEM","url":"https:\/\/www.vemrent.com\/","logo":{"@type":"ImageObject","inLanguage":"de","@id":"https:\/\/www.vemrent.com\/#\/schema\/logo\/image\/","url":"https:\/\/www.vemrent.com\/wp-content\/uploads\/2018\/02\/VEM_190x60.png","contentUrl":"https:\/\/www.vemrent.com\/wp-content\/uploads\/2018\/02\/VEM_190x60.png","width":190,"height":52,"caption":"VEM"},"image":{"@id":"https:\/\/www.vemrent.com\/#\/schema\/logo\/image\/"},"sameAs":["https:\/\/www.facebook.com\/vemelettromedicali\/","https:\/\/x.com\/vemrent_italy","https:\/\/www.instagram.com\/vemrent\/","https:\/\/www.linkedin.com\/company\/vemrent\/","https:\/\/www.youtube.com\/channel\/UCVPNGLNXXMw1r2bP0BUNFwg\/featured"]}]}</script>
<!-- / Yoast SEO plugin. -->

Trastevere barrierefrei erkunden: Rampen, Rollstuhlzugang & Tipps für Ihre Reise nach Rom. VemRent hilft mit Mobilitätshilfen vor Ort.

Rom Rollstuhl Zugang: Tipps für barrierefreies Reisen

Vermietung von Mobilitäts- und Reha-Hilfsmitteln
