{"id":15768,"date":"2026-08-02T22:35:24","date_gmt":"2026-08-02T20:35:24","guid":{"rendered":"https:\/\/www.vemrent.com\/roma-accessibile\/piazza-di-spagna\/"},"modified":"2026-08-22T18:20:58","modified_gmt":"2026-08-22T16:20:58","slug":"piazza-di-spagna","status":"publish","type":"page","link":"https:\/\/www.vemrent.com\/de\/roma-accessibile\/piazza-di-spagna\/","title":{"rendered":"Piazza di Spagna barrierefrei: Rom rollstuhlgerecht"},"content":{"rendered":"<h2>Das Denkmal<\/h2>\n<p>Die Piazza di Spagna, mit der imposanten Spanischen Treppe zur Trinit\u00e0 dei Monti und dem Bernini-Brunnen Barcaccia, geh\u00f6rt zu den bekanntesten Wahrzeichen Roms: und wer die Piazza di Spagna barrierefrei erkunden m\u00f6chte, findet hier alle wichtigen Informationen.<\/p>\n<h2>Barrierefreiheit und Erleichterungen<\/h2>\n<ul>\n<li>Der <strong>untere Bereich der Piazza<\/strong> ist eben und gut zug\u00e4nglich.<\/li>\n<li><strong>Achtung:<\/strong> Die Spanische Treppe besteht ausschlie\u00dflich aus Stufen und ist nicht barrierefrei.<\/li>\n<li>Um zur Trinit\u00e0 dei Monti oben zu gelangen, kann der <strong>Aufzug in der U-Bahn-Station \u201eSpagna&#8220;<\/strong> genutzt werden.<\/li>\n<li>In den umliegenden Gassen gibt es Kopfsteinpflaster.<\/li>\n<\/ul>\n<div class=\"vrm-ausilio\"><p class=\"vrm-ausilio__title\"><i class=\"fa fa-wheelchair\" aria-hidden=\"true\"><\/i> Welches Hilfsmittel wir f\u00fcr diesen Besuch empfehlen<\/p><div class=\"vrm-ausilio__text\"><p>Der untere Platz ist mit dem Rollstuhl zug\u00e4nglich; f\u00fcr den oberen Teil nutzen Sie den Aufzug der U-Bahn-Station \u201eSpagna\". Die Freitreppe ist nicht befahrbar.<\/p>\n<\/div><a class=\"vrm-ausilio__btn\" href=\"https:\/\/www.vemrent.com\/de\/rollstuhl-verleih-rom\/\">Empfohlene rollst\u00fchle anzeigen <i class=\"fa fa-arrow-right\" aria-hidden=\"true\"><\/i><\/a><\/div>\n<div class=\"vrm-grid2\">\n<div>\n<h2>Kosten und \u00d6ffnungszeiten<\/h2>\n<div class=\"vrm-costi\">\n<p><i class=\"fa fa-ticket-alt\"><\/i> Eintritt frei.<\/p>\n<p><i class=\"fa fa-clock\"><\/i> Jederzeit zug\u00e4nglich, da Freiluftanlage.<\/p>\n<p><a href=\"https:\/\/www.turismoroma.it\/\" target=\"_blank\" rel=\"noopener\">Aktuelle Informationen auf der offiziellen Website <i class=\"fa fa-external-link-alt\" aria-hidden=\"true\"><\/i><\/a><\/p>\n<\/div>\n<\/div>\n<div>\n<h2>Lage<\/h2>\n<div class=\"vr-mappa\"><div class=\"vr-mappa__embed\" id=\"vr-single-map\" data-lat=\"41.9057\" data-lng=\"12.4823\" data-title=\"Piazza di Spagna barrierefrei: Rom rollstuhlgerecht\" style=\"height:300px;border-radius:10px;overflow:hidden;background:#f0f0f0;\"><\/div><\/div><\/div>\n<\/div>\n<h2>Anreise (barrierefrei)<\/h2>\n<div class=\"vrm-arrivo\">\n<div class=\"vrm-arrivo__row\"><i class=\"fa fa-train\"><\/i><\/p>\n<div><strong>Ab Termini<\/strong>: U-Bahn Linie A bis \u201eSpagna&#8220; (Station mit Aufzug), Ausgang direkt zur Piazza<\/div>\n<\/div>\n<div class=\"vrm-arrivo__row\"><i class=\"fa fa-plane\"><\/i><\/p>\n<div><strong>Ab Fiumicino \/ Ciampino<\/strong>: Verbindung nach Termini, dann U-Bahn Linie A; alternativ ein T\u00fcr-zu-T\u00fcr-Transfer.<\/div>\n<\/div>\n<div class=\"vrm-arrivo__row\"><i class=\"fa fa-ship\"><\/i><\/p>\n<div><strong>Ab Civitavecchia (Kreuzfahrten)<\/strong>: Zug nach Rom und U-Bahn Linie A, oder direkter Transfer.<\/div>\n<\/div>\n<\/div>\n","protected":false},"excerpt":{"rendered":"<p>Das Denkmal Die Piazza di Spagna, mit der imposanten Spanischen Treppe zur Trinit\u00e0 dei Monti und dem Bernini-Brunnen Barcaccia, geh\u00f6rt zu den bekanntesten Wahrzeichen Roms: und wer die Piazza di Spagna barrierefrei erkunden m\u00f6chte, findet hier alle wichtigen Informationen. Barrierefreiheit und Erleichterungen Der untere Bereich der Piazza ist eben und gut zug\u00e4nglich. Achtung: Die Spanische [&#8230;]\n","protected":false},"author":0,"featured_media":0,"parent":15537,"menu_order":0,"comment_status":"closed","ping_status":"closed","template":"","meta":{"_acf_changed":false,"footnotes":""},"class_list":["post-15768","page","type-page","status-publish","hentry"],"acf":[],"yoast_head":"<!-- This site is optimized with the Yoast SEO plugin v28.3 - https:\/\/yoast.com\/product\/yoast-seo-wordpress\/ -->\n<title>Piazza di Spagna barrierefrei: Rom rollstuhlgerecht<\/title>\n<meta name=\"description\" content=\"Piazza di Spagna barrierefrei erleben: Zug\u00e4nge, Wege und Rollstuhl-Tipps f\u00fcr Ihren Rombesuch. VemRent liefert Mobilit\u00e4tshilfen direkt ins Hotel.\" \/>\n<meta name=\"robots\" content=\"index, follow, max-snippet:-1, max-image-preview:large, max-video-preview:-1\" \/>\n<link rel=\"canonical\" href=\"https:\/\/www.vemrent.com\/de\/roma-accessibile\/piazza-di-spagna\/\" \/>\n<meta property=\"og:locale\" content=\"de_DE\" \/>\n<meta property=\"og:type\" content=\"article\" \/>\n<meta property=\"og:title\" content=\"Piazza di Spagna barrierefrei: Rom rollstuhlgerecht\" \/>\n<meta property=\"og:description\" content=\"Piazza di Spagna barrierefrei erleben: Zug\u00e4nge, Wege und Rollstuhl-Tipps f\u00fcr Ihren Rombesuch. VemRent liefert Mobilit\u00e4tshilfen direkt ins Hotel.\" \/>\n<meta property=\"og:url\" content=\"https:\/\/www.vemrent.com\/de\/roma-accessibile\/piazza-di-spagna\/\" \/>\n<meta property=\"og:site_name\" content=\"VEM Vermietung mit Lieferung\" \/>\n<meta property=\"article:publisher\" content=\"https:\/\/www.facebook.com\/vemelettromedicali\/\" \/>\n<meta property=\"article:modified_time\" content=\"2026-08-22T16:20:58+00:00\" \/>\n<meta name=\"twitter:label1\" content=\"Gesch\u00e4tzte Lesezeit\" \/>\n\t<meta name=\"twitter:data1\" content=\"1\u00a0Minute\" \/>\n<script type=\"application\/ld+json\" class=\"yoast-schema-graph\">{\"@context\":\"https:\\\/\\\/schema.org\",\"@graph\":[{\"@type\":\"WebPage\",\"@id\":\"https:\\\/\\\/www.vemrent.com\\\/de\\\/roma-accessibile\\\/piazza-di-spagna\\\/\",\"url\":\"https:\\\/\\\/www.vemrent.com\\\/de\\\/roma-accessibile\\\/piazza-di-spagna\\\/\",\"name\":\"Piazza di Spagna barrierefrei: Rom rollstuhlgerecht\",\"isPartOf\":{\"@id\":\"https:\\\/\\\/www.vemrent.com\\\/#website\"},\"datePublished\":\"2026-08-02T20:35:24+00:00\",\"dateModified\":\"2026-08-22T16:20:58+00:00\",\"description\":\"Piazza di Spagna barrierefrei erleben: Zug\u00e4nge, Wege und Rollstuhl-Tipps f\u00fcr Ihren Rombesuch. VemRent liefert Mobilit\u00e4tshilfen direkt ins Hotel.\",\"breadcrumb\":{\"@id\":\"https:\\\/\\\/www.vemrent.com\\\/de\\\/roma-accessibile\\\/piazza-di-spagna\\\/#breadcrumb\"},\"inLanguage\":\"de\",\"potentialAction\":[{\"@type\":\"ReadAction\",\"target\":[\"https:\\\/\\\/www.vemrent.com\\\/de\\\/roma-accessibile\\\/piazza-di-spagna\\\/\"]}]},{\"@type\":\"BreadcrumbList\",\"@id\":\"https:\\\/\\\/www.vemrent.com\\\/de\\\/roma-accessibile\\\/piazza-di-spagna\\\/#breadcrumb\",\"itemListElement\":[{\"@type\":\"ListItem\",\"position\":1,\"name\":\"Home\",\"item\":\"https:\\\/\\\/www.vemrent.com\\\/de\\\/\"},{\"@type\":\"ListItem\",\"position\":2,\"name\":\"Rom Rollstuhl Zugang: Tipps f\u00fcr barrierefreies Reisen\",\"item\":\"https:\\\/\\\/www.vemrent.com\\\/de\\\/roma-accessibile\\\/\"},{\"@type\":\"ListItem\",\"position\":3,\"name\":\"Piazza di Spagna barrierefrei: Rom rollstuhlgerecht\"}]},{\"@type\":\"WebSite\",\"@id\":\"https:\\\/\\\/www.vemrent.com\\\/#website\",\"url\":\"https:\\\/\\\/www.vemrent.com\\\/\",\"name\":\"VEM Vermietung mit Lieferung\",\"description\":\"Vermietung von Mobilit\u00e4ts- und Reha-Hilfsmitteln\",\"publisher\":{\"@id\":\"https:\\\/\\\/www.vemrent.com\\\/#organization\"},\"potentialAction\":[{\"@type\":\"SearchAction\",\"target\":{\"@type\":\"EntryPoint\",\"urlTemplate\":\"https:\\\/\\\/www.vemrent.com\\\/?s={search_term_string}\"},\"query-input\":{\"@type\":\"PropertyValueSpecification\",\"valueRequired\":true,\"valueName\":\"search_term_string\"}}],\"inLanguage\":\"de\"},{\"@type\":\"Organization\",\"@id\":\"https:\\\/\\\/www.vemrent.com\\\/#organization\",\"name\":\"VEM\",\"url\":\"https:\\\/\\\/www.vemrent.com\\\/\",\"logo\":{\"@type\":\"ImageObject\",\"inLanguage\":\"de\",\"@id\":\"https:\\\/\\\/www.vemrent.com\\\/#\\\/schema\\\/logo\\\/image\\\/\",\"url\":\"https:\\\/\\\/www.vemrent.com\\\/wp-content\\\/uploads\\\/2018\\\/02\\\/VEM_190x60.png\",\"contentUrl\":\"https:\\\/\\\/www.vemrent.com\\\/wp-content\\\/uploads\\\/2018\\\/02\\\/VEM_190x60.png\",\"width\":190,\"height\":52,\"caption\":\"VEM\"},\"image\":{\"@id\":\"https:\\\/\\\/www.vemrent.com\\\/#\\\/schema\\\/logo\\\/image\\\/\"},\"sameAs\":[\"https:\\\/\\\/www.facebook.com\\\/vemelettromedicali\\\/\",\"https:\\\/\\\/x.com\\\/vemrent_italy\",\"https:\\\/\\\/www.instagram.com\\\/vemrent\\\/\",\"https:\\\/\\\/www.linkedin.com\\\/company\\\/vemrent\\\/\",\"https:\\\/\\\/www.youtube.com\\\/channel\\\/UCVPNGLNXXMw1r2bP0BUNFwg\\\/featured\"]}]}<\/script>\n<!-- \/ Yoast SEO plugin. -->","yoast_head_json":{"title":"Piazza di Spagna barrierefrei: Rom rollstuhlgerecht","description":"Piazza di Spagna barrierefrei erleben: Zug\u00e4nge, Wege und Rollstuhl-Tipps f\u00fcr Ihren Rombesuch. VemRent liefert Mobilit\u00e4tshilfen direkt ins Hotel.","robots":{"index":"index","follow":"follow","max-snippet":"max-snippet:-1","max-image-preview":"max-image-preview:large","max-video-preview":"max-video-preview:-1"},"canonical":"https:\/\/www.vemrent.com\/de\/roma-accessibile\/piazza-di-spagna\/","og_locale":"de_DE","og_type":"article","og_title":"Piazza di Spagna barrierefrei: Rom rollstuhlgerecht","og_description":"Piazza di Spagna barrierefrei erleben: Zug\u00e4nge, Wege und Rollstuhl-Tipps f\u00fcr Ihren Rombesuch. VemRent liefert Mobilit\u00e4tshilfen direkt ins Hotel.","og_url":"https:\/\/www.vemrent.com\/de\/roma-accessibile\/piazza-di-spagna\/","og_site_name":"VEM Vermietung mit Lieferung","article_publisher":"https:\/\/www.facebook.com\/vemelettromedicali\/","article_modified_time":"2026-08-22T16:20:58+00:00","twitter_misc":{"Gesch\u00e4tzte Lesezeit":"1\u00a0Minute"},"schema":{"@context":"https:\/\/schema.org","@graph":[{"@type":"WebPage","@id":"https:\/\/www.vemrent.com\/de\/roma-accessibile\/piazza-di-spagna\/","url":"https:\/\/www.vemrent.com\/de\/roma-accessibile\/piazza-di-spagna\/","name":"Piazza di Spagna barrierefrei: Rom rollstuhlgerecht","isPartOf":{"@id":"https:\/\/www.vemrent.com\/#website"},"datePublished":"2026-08-02T20:35:24+00:00","dateModified":"2026-08-22T16:20:58+00:00","description":"Piazza di Spagna barrierefrei erleben: Zug\u00e4nge, Wege und Rollstuhl-Tipps f\u00fcr Ihren Rombesuch. VemRent liefert Mobilit\u00e4tshilfen direkt ins Hotel.","breadcrumb":{"@id":"https:\/\/www.vemrent.com\/de\/roma-accessibile\/piazza-di-spagna\/#breadcrumb"},"inLanguage":"de","potentialAction":[{"@type":"ReadAction","target":["https:\/\/www.vemrent.com\/de\/roma-accessibile\/piazza-di-spagna\/"]}]},{"@type":"BreadcrumbList","@id":"https:\/\/www.vemrent.com\/de\/roma-accessibile\/piazza-di-spagna\/#breadcrumb","itemListElement":[{"@type":"ListItem","position":1,"name":"Home","item":"https:\/\/www.vemrent.com\/de\/"},{"@type":"ListItem","position":2,"name":"Rom Rollstuhl Zugang: Tipps f\u00fcr barrierefreies Reisen","item":"https:\/\/www.vemrent.com\/de\/roma-accessibile\/"},{"@type":"ListItem","position":3,"name":"Piazza di Spagna barrierefrei: Rom rollstuhlgerecht"}]},{"@type":"WebSite","@id":"https:\/\/www.vemrent.com\/#website","url":"https:\/\/www.vemrent.com\/","name":"VEM Vermietung mit Lieferung","description":"Vermietung von Mobilit\u00e4ts- und Reha-Hilfsmitteln","publisher":{"@id":"https:\/\/www.vemrent.com\/#organization"},"potentialAction":[{"@type":"SearchAction","target":{"@type":"EntryPoint","urlTemplate":"https:\/\/www.vemrent.com\/?s={search_term_string}"},"query-input":{"@type":"PropertyValueSpecification","valueRequired":true,"valueName":"search_term_string"}}],"inLanguage":"de"},{"@type":"Organization","@id":"https:\/\/www.vemrent.com\/#organization","name":"VEM","url":"https:\/\/www.vemrent.com\/","logo":{"@type":"ImageObject","inLanguage":"de","@id":"https:\/\/www.vemrent.com\/#\/schema\/logo\/image\/","url":"https:\/\/www.vemrent.com\/wp-content\/uploads\/2018\/02\/VEM_190x60.png","contentUrl":"https:\/\/www.vemrent.com\/wp-content\/uploads\/2018\/02\/VEM_190x60.png","width":190,"height":52,"caption":"VEM"},"image":{"@id":"https:\/\/www.vemrent.com\/#\/schema\/logo\/image\/"},"sameAs":["https:\/\/www.facebook.com\/vemelettromedicali\/","https:\/\/x.com\/vemrent_italy","https:\/\/www.instagram.com\/vemrent\/","https:\/\/www.linkedin.com\/company\/vemrent\/","https:\/\/www.youtube.com\/channel\/UCVPNGLNXXMw1r2bP0BUNFwg\/featured"]}]}},"_links":{"self":[{"href":"https:\/\/www.vemrent.com\/de\/wp-json\/wp\/v2\/pages\/15768","targetHints":{"allow":["GET"]}}],"collection":[{"href":"https:\/\/www.vemrent.com\/de\/wp-json\/wp\/v2\/pages"}],"about":[{"href":"https:\/\/www.vemrent.com\/de\/wp-json\/wp\/v2\/types\/page"}],"replies":[{"embeddable":true,"href":"https:\/\/www.vemrent.com\/de\/wp-json\/wp\/v2\/comments?post=15768"}],"version-history":[{"count":1,"href":"https:\/\/www.vemrent.com\/de\/wp-json\/wp\/v2\/pages\/15768\/revisions"}],"predecessor-version":[{"id":23014,"href":"https:\/\/www.vemrent.com\/de\/wp-json\/wp\/v2\/pages\/15768\/revisions\/23014"}],"up":[{"embeddable":true,"href":"https:\/\/www.vemrent.com\/de\/wp-json\/wp\/v2\/pages\/15537"}],"wp:attachment":[{"href":"https:\/\/www.vemrent.com\/de\/wp-json\/wp\/v2\/media?parent=15768"}],"curies":[{"name":"wp","href":"https:\/\/api.w.org\/{rel}","templated":true}]}}

<h2>Das Denkmal</h2>
<p>Die Piazza di Spagna, mit der imposanten Spanischen Treppe zur Trinità dei Monti und dem Bernini-Brunnen Barcaccia, gehört zu den bekanntesten Wahrzeichen Roms: und wer die Piazza di Spagna barrierefrei erkunden möchte, findet hier alle wichtigen Informationen.</p>
<h2>Barrierefreiheit und Erleichterungen</h2>
<ul>
<li>Der <strong>untere Bereich der Piazza</strong> ist eben und gut zugänglich.</li>
<li><strong>Achtung:</strong> Die Spanische Treppe besteht ausschließlich aus Stufen und ist nicht barrierefrei.</li>
<li>Um zur Trinità dei Monti oben zu gelangen, kann der <strong>Aufzug in der U-Bahn-Station „Spagna&#8220;</strong> genutzt werden.</li>
<li>In den umliegenden Gassen gibt es Kopfsteinpflaster.</li>
</ul>
<div class="vrm-ausilio"><p class="vrm-ausilio__title"><i class="fa fa-wheelchair" aria-hidden="true"></i> Welches Hilfsmittel wir für diesen Besuch empfehlen</p><div class="vrm-ausilio__text"><p>Der untere Platz ist mit dem Rollstuhl zugänglich; für den oberen Teil nutzen Sie den Aufzug der U-Bahn-Station „Spagna". Die Freitreppe ist nicht befahrbar.</p>
</div><a class="vrm-ausilio__btn" href="https://www.vemrent.com/de/rollstuhl-verleih-rom/">Empfohlene rollstühle anzeigen <i class="fa fa-arrow-right" aria-hidden="true"></i></a></div>
<div class="vrm-grid2">
<div>
<h2>Kosten und Öffnungszeiten</h2>
<div class="vrm-costi">
<p><i class="fa fa-ticket-alt"></i> Eintritt frei.</p>
<p><i class="fa fa-clock"></i> Jederzeit zugänglich, da Freiluftanlage.</p>
<p><a href="https://www.turismoroma.it/" target="_blank" rel="noopener">Aktuelle Informationen auf der offiziellen Website <i class="fa fa-external-link-alt" aria-hidden="true"></i></a></p>
</div>
</div>
<div>
<h2>Lage</h2>
<div class="vr-mappa"><div class="vr-mappa__embed" id="vr-single-map" data-lat="41.9057" data-lng="12.4823" data-title="Piazza di Spagna barrierefrei: Rom rollstuhlgerecht" style="height:300px;border-radius:10px;overflow:hidden;background:#f0f0f0;"></div></div></div>
</div>
<h2>Anreise (barrierefrei)</h2>
<div class="vrm-arrivo">
<div class="vrm-arrivo__row"><i class="fa fa-train"></i></p>
<div><strong>Ab Termini</strong>: U-Bahn Linie A bis „Spagna&#8220; (Station mit Aufzug), Ausgang direkt zur Piazza</div>
</div>
<div class="vrm-arrivo__row"><i class="fa fa-plane"></i></p>
<div><strong>Ab Fiumicino / Ciampino</strong>: Verbindung nach Termini, dann U-Bahn Linie A; alternativ ein Tür-zu-Tür-Transfer.</div>
</div>
<div class="vrm-arrivo__row"><i class="fa fa-ship"></i></p>
<div><strong>Ab Civitavecchia (Kreuzfahrten)</strong>: Zug nach Rom und U-Bahn Linie A, oder direkter Transfer.</div>
</div>
</div>

<p>Das Denkmal Die Piazza di Spagna, mit der imposanten Spanischen Treppe zur Trinità dei Monti und dem Bernini-Brunnen Barcaccia, gehört zu den bekanntesten Wahrzeichen Roms: und wer die Piazza di Spagna barrierefrei erkunden möchte, findet hier alle wichtigen Informationen. Barrierefreiheit und Erleichterungen Der untere Bereich der Piazza ist eben und gut zugänglich. Achtung: Die Spanische [&#8230;]

<!-- This site is optimized with the Yoast SEO plugin v28.3 - https://yoast.com/product/yoast-seo-wordpress/ -->
<title>Piazza di Spagna barrierefrei: Rom rollstuhlgerecht</title>
<meta name="description" content="Piazza di Spagna barrierefrei erleben: Zugänge, Wege und Rollstuhl-Tipps für Ihren Rombesuch. VemRent liefert Mobilitätshilfen direkt ins Hotel." />
<meta name="robots" content="index, follow, max-snippet:-1, max-image-preview:large, max-video-preview:-1" />
<link rel="canonical" href="https://www.vemrent.com/de/roma-accessibile/piazza-di-spagna/" />
<meta property="og:locale" content="de_DE" />
<meta property="og:type" content="article" />
<meta property="og:title" content="Piazza di Spagna barrierefrei: Rom rollstuhlgerecht" />
<meta property="og:description" content="Piazza di Spagna barrierefrei erleben: Zugänge, Wege und Rollstuhl-Tipps für Ihren Rombesuch. VemRent liefert Mobilitätshilfen direkt ins Hotel." />
<meta property="og:url" content="https://www.vemrent.com/de/roma-accessibile/piazza-di-spagna/" />
<meta property="og:site_name" content="VEM Vermietung mit Lieferung" />
<meta property="article:publisher" content="https://www.facebook.com/vemelettromedicali/" />
<meta property="article:modified_time" content="2026-08-22T16:20:58+00:00" />
<meta name="twitter:label1" content="Geschätzte Lesezeit" />
	<meta name="twitter:data1" content="1 Minute" />
<script type="application/ld+json" class="yoast-schema-graph">{"@context":"https:\/\/schema.org","@graph":[{"@type":"WebPage","@id":"https:\/\/www.vemrent.com\/de\/roma-accessibile\/piazza-di-spagna\/","url":"https:\/\/www.vemrent.com\/de\/roma-accessibile\/piazza-di-spagna\/","name":"Piazza di Spagna barrierefrei: Rom rollstuhlgerecht","isPartOf":{"@id":"https:\/\/www.vemrent.com\/#website"},"datePublished":"2026-08-02T20:35:24+00:00","dateModified":"2026-08-22T16:20:58+00:00","description":"Piazza di Spagna barrierefrei erleben: Zugänge, Wege und Rollstuhl-Tipps für Ihren Rombesuch. VemRent liefert Mobilitätshilfen direkt ins Hotel.","breadcrumb":{"@id":"https:\/\/www.vemrent.com\/de\/roma-accessibile\/piazza-di-spagna\/#breadcrumb"},"inLanguage":"de","potentialAction":[{"@type":"ReadAction","target":["https:\/\/www.vemrent.com\/de\/roma-accessibile\/piazza-di-spagna\/"]}]},{"@type":"BreadcrumbList","@id":"https:\/\/www.vemrent.com\/de\/roma-accessibile\/piazza-di-spagna\/#breadcrumb","itemListElement":[{"@type":"ListItem","position":1,"name":"Home","item":"https:\/\/www.vemrent.com\/de\/"},{"@type":"ListItem","position":2,"name":"Rom Rollstuhl Zugang: Tipps für barrierefreies Reisen","item":"https:\/\/www.vemrent.com\/de\/roma-accessibile\/"},{"@type":"ListItem","position":3,"name":"Piazza di Spagna barrierefrei: Rom rollstuhlgerecht"}]},{"@type":"WebSite","@id":"https:\/\/www.vemrent.com\/#website","url":"https:\/\/www.vemrent.com\/","name":"VEM Vermietung mit Lieferung","description":"Vermietung von Mobilitäts- und Reha-Hilfsmitteln","publisher":{"@id":"https:\/\/www.vemrent.com\/#organization"},"potentialAction":[{"@type":"SearchAction","target":{"@type":"EntryPoint","urlTemplate":"https:\/\/www.vemrent.com\/?s={search_term_string}"},"query-input":{"@type":"PropertyValueSpecification","valueRequired":true,"valueName":"search_term_string"}}],"inLanguage":"de"},{"@type":"Organization","@id":"https:\/\/www.vemrent.com\/#organization","name":"VEM","url":"https:\/\/www.vemrent.com\/","logo":{"@type":"ImageObject","inLanguage":"de","@id":"https:\/\/www.vemrent.com\/#\/schema\/logo\/image\/","url":"https:\/\/www.vemrent.com\/wp-content\/uploads\/2018\/02\/VEM_190x60.png","contentUrl":"https:\/\/www.vemrent.com\/wp-content\/uploads\/2018\/02\/VEM_190x60.png","width":190,"height":52,"caption":"VEM"},"image":{"@id":"https:\/\/www.vemrent.com\/#\/schema\/logo\/image\/"},"sameAs":["https:\/\/www.facebook.com\/vemelettromedicali\/","https:\/\/x.com\/vemrent_italy","https:\/\/www.instagram.com\/vemrent\/","https:\/\/www.linkedin.com\/company\/vemrent\/","https:\/\/www.youtube.com\/channel\/UCVPNGLNXXMw1r2bP0BUNFwg\/featured"]}]}</script>
<!-- / Yoast SEO plugin. -->

Piazza di Spagna barrierefrei erleben: Zugänge, Wege und Rollstuhl-Tipps für Ihren Rombesuch. VemRent liefert Mobilitätshilfen direkt ins Hotel.

Rom Rollstuhl Zugang: Tipps für barrierefreies Reisen

Vermietung von Mobilitäts- und Reha-Hilfsmitteln
