{"id":15754,"date":"2026-08-02T22:35:23","date_gmt":"2026-08-02T20:35:23","guid":{"rendered":"https:\/\/www.vemrent.com\/roma-accessibile\/fontana-di-trevi\/"},"modified":"2026-08-22T18:20:56","modified_gmt":"2026-08-22T16:20:56","slug":"fontana-di-trevi","status":"publish","type":"page","link":"https:\/\/www.vemrent.com\/de\/roma-accessibile\/fontana-di-trevi\/","title":{"rendered":"Fontana di Trevi behindertengerecht: Tipps f\u00fcr Rom"},"content":{"rendered":"<h2>Das Denkmal<\/h2>\n<p>Der Trevi-Brunnen (Nicola Salvi, 1762) ist der ber\u00fchmteste Barockbrunnen Roms, alle wichtigen Informationen zur barrierefreien Besichtigung in Rom finden Sie hier ausf\u00fchrlich beschrieben. Weltbekannt ist er f\u00fcr die Tradition des M\u00fcnzwurfs.<\/p>\n<h2>Barrierefreiheit und Erleichterungen<\/h2>\n<ul>\n<li><strong>Freier Eintritt<\/strong>, offener Platz.<\/li>\n<li>Die <strong>Aussicht von oben<\/strong> (auf Stra\u00dfenniveau) ist eben und erlaubt einen guten Blick auf den Brunnen.<\/li>\n<li>Um an das Brunnenbecken heranzutreten, sind einige <strong>Stufen<\/strong> zu \u00fcberwinden.<\/li>\n<li>Die umliegenden Gassen sind mit Kopfsteinpflaster (Sampietrini) gepflastert; der Bereich ist h\u00e4ufig sehr stark besucht.<\/li>\n<\/ul>\n<div class=\"vrm-ausilio\"><p class=\"vrm-ausilio__title\"><i class=\"fa fa-wheelchair\" aria-hidden=\"true\"><\/i> Welches Hilfsmittel wir f\u00fcr diesen Besuch empfehlen<\/p><div class=\"vrm-ausilio__text\"><p>Der Blick von oben ist barrierefrei; f\u00fcr das Kopfsteinpflaster der umliegenden Gassen empfiehlt sich ein robuster Rollstuhl mit Begleitperson.<\/p>\n<\/div><a class=\"vrm-ausilio__btn\" href=\"https:\/\/www.vemrent.com\/de\/rollstuhl-verleih-rom\/\">Empfohlene rollst\u00fchle anzeigen <i class=\"fa fa-arrow-right\" aria-hidden=\"true\"><\/i><\/a><\/div>\n<div class=\"vrm-grid2\">\n<div>\n<h2>Kosten und \u00d6ffnungszeiten<\/h2>\n<div class=\"vrm-costi\">\n<p><i class=\"fa fa-ticket-alt\"><\/i> Eintritt frei.<\/p>\n<p><i class=\"fa fa-clock\"><\/i> Jederzeit zug\u00e4nglich, im Freien.<\/p>\n<p><a href=\"https:\/\/www.turismoroma.it\/\" target=\"_blank\" rel=\"noopener\">Aktuelle Informationen auf der offiziellen Website <i class=\"fa fa-external-link-alt\" aria-hidden=\"true\"><\/i><\/a><\/p>\n<\/div>\n<\/div>\n<div>\n<h2>Lage<\/h2>\n<div class=\"vr-mappa\"><div class=\"vr-mappa__embed\" id=\"vr-single-map\" data-lat=\"41.9009\" data-lng=\"12.4833\" data-title=\"Fontana di Trevi behindertengerecht: Tipps f\u00fcr Rom\" style=\"height:300px;border-radius:10px;overflow:hidden;background:#f0f0f0;\"><\/div><\/div><\/div>\n<\/div>\n<h2>Anreise (barrierefrei)<\/h2>\n<div class=\"vrm-arrivo\">\n<div class=\"vrm-arrivo__row\"><i class=\"fa fa-train\"><\/i><\/p>\n<div><strong>Ab Termini<\/strong>: Metro A bis \u201eBarberini&#8220;, dann ca. 7 Minuten zu Fu\u00df<\/div>\n<\/div>\n<div class=\"vrm-arrivo__row\"><i class=\"fa fa-plane\"><\/i><\/p>\n<div><strong>Ab Fiumicino \/ Ciampino<\/strong>: Verbindung nach Termini, dann Metro A; alternativ ein T\u00fcr-zu-T\u00fcr-Transfer.<\/div>\n<\/div>\n<div class=\"vrm-arrivo__row\"><i class=\"fa fa-ship\"><\/i><\/p>\n<div><strong>Ab Civitavecchia (Kreuzfahrten)<\/strong>: Zug nach Rom und Metro A, oder direkter Transfer.<\/div>\n<\/div>\n<\/div>\n","protected":false},"excerpt":{"rendered":"<p>Das Denkmal Der Trevi-Brunnen (Nicola Salvi, 1762) ist der ber\u00fchmteste Barockbrunnen Roms, alle wichtigen Informationen zur barrierefreien Besichtigung in Rom finden Sie hier ausf\u00fchrlich beschrieben. Weltbekannt ist er f\u00fcr die Tradition des M\u00fcnzwurfs. Barrierefreiheit und Erleichterungen Freier Eintritt, offener Platz. Die Aussicht von oben (auf Stra\u00dfenniveau) ist eben und erlaubt einen guten Blick auf den [&#8230;]\n","protected":false},"author":0,"featured_media":0,"parent":15537,"menu_order":0,"comment_status":"closed","ping_status":"closed","template":"","meta":{"_acf_changed":false,"footnotes":""},"class_list":["post-15754","page","type-page","status-publish","hentry"],"acf":[],"yoast_head":"<!-- This site is optimized with the Yoast SEO plugin v28.3 - https:\/\/yoast.com\/product\/yoast-seo-wordpress\/ -->\n<title>Fontana di Trevi behindertengerecht: Tipps f\u00fcr Rom<\/title>\n<meta name=\"description\" content=\"Fontana di Trevi barrierefrei besuchen: Zug\u00e4nglichkeit, Rollstuhlwege &amp; praktische Reisetipps f\u00fcr Rom. VemRent hilft Ihnen, Ihren Besuch optimal zu planen.\" \/>\n<meta name=\"robots\" content=\"index, follow, max-snippet:-1, max-image-preview:large, max-video-preview:-1\" \/>\n<link rel=\"canonical\" href=\"https:\/\/www.vemrent.com\/de\/roma-accessibile\/fontana-di-trevi\/\" \/>\n<meta property=\"og:locale\" content=\"de_DE\" \/>\n<meta property=\"og:type\" content=\"article\" \/>\n<meta property=\"og:title\" content=\"Fontana di Trevi behindertengerecht: Tipps f\u00fcr Rom\" \/>\n<meta property=\"og:description\" content=\"Fontana di Trevi barrierefrei besuchen: Zug\u00e4nglichkeit, Rollstuhlwege &amp; praktische Reisetipps f\u00fcr Rom. VemRent hilft Ihnen, Ihren Besuch optimal zu planen.\" \/>\n<meta property=\"og:url\" content=\"https:\/\/www.vemrent.com\/de\/roma-accessibile\/fontana-di-trevi\/\" \/>\n<meta property=\"og:site_name\" content=\"VEM Vermietung mit Lieferung\" \/>\n<meta property=\"article:publisher\" content=\"https:\/\/www.facebook.com\/vemelettromedicali\/\" \/>\n<meta property=\"article:modified_time\" content=\"2026-08-22T16:20:56+00:00\" \/>\n<meta name=\"twitter:label1\" content=\"Gesch\u00e4tzte Lesezeit\" \/>\n\t<meta name=\"twitter:data1\" content=\"1\u00a0Minute\" \/>\n<script type=\"application\/ld+json\" class=\"yoast-schema-graph\">{\"@context\":\"https:\\\/\\\/schema.org\",\"@graph\":[{\"@type\":\"WebPage\",\"@id\":\"https:\\\/\\\/www.vemrent.com\\\/de\\\/roma-accessibile\\\/fontana-di-trevi\\\/\",\"url\":\"https:\\\/\\\/www.vemrent.com\\\/de\\\/roma-accessibile\\\/fontana-di-trevi\\\/\",\"name\":\"Fontana di Trevi behindertengerecht: Tipps f\u00fcr Rom\",\"isPartOf\":{\"@id\":\"https:\\\/\\\/www.vemrent.com\\\/#website\"},\"datePublished\":\"2026-08-02T20:35:23+00:00\",\"dateModified\":\"2026-08-22T16:20:56+00:00\",\"description\":\"Fontana di Trevi barrierefrei besuchen: Zug\u00e4nglichkeit, Rollstuhlwege & praktische Reisetipps f\u00fcr Rom. VemRent hilft Ihnen, Ihren Besuch optimal zu planen.\",\"breadcrumb\":{\"@id\":\"https:\\\/\\\/www.vemrent.com\\\/de\\\/roma-accessibile\\\/fontana-di-trevi\\\/#breadcrumb\"},\"inLanguage\":\"de\",\"potentialAction\":[{\"@type\":\"ReadAction\",\"target\":[\"https:\\\/\\\/www.vemrent.com\\\/de\\\/roma-accessibile\\\/fontana-di-trevi\\\/\"]}]},{\"@type\":\"BreadcrumbList\",\"@id\":\"https:\\\/\\\/www.vemrent.com\\\/de\\\/roma-accessibile\\\/fontana-di-trevi\\\/#breadcrumb\",\"itemListElement\":[{\"@type\":\"ListItem\",\"position\":1,\"name\":\"Home\",\"item\":\"https:\\\/\\\/www.vemrent.com\\\/de\\\/\"},{\"@type\":\"ListItem\",\"position\":2,\"name\":\"Rom Rollstuhl Zugang: Tipps f\u00fcr barrierefreies Reisen\",\"item\":\"https:\\\/\\\/www.vemrent.com\\\/de\\\/roma-accessibile\\\/\"},{\"@type\":\"ListItem\",\"position\":3,\"name\":\"Fontana di Trevi behindertengerecht: Tipps f\u00fcr Rom\"}]},{\"@type\":\"WebSite\",\"@id\":\"https:\\\/\\\/www.vemrent.com\\\/#website\",\"url\":\"https:\\\/\\\/www.vemrent.com\\\/\",\"name\":\"VEM Vermietung mit Lieferung\",\"description\":\"Vermietung von Mobilit\u00e4ts- und Reha-Hilfsmitteln\",\"publisher\":{\"@id\":\"https:\\\/\\\/www.vemrent.com\\\/#organization\"},\"potentialAction\":[{\"@type\":\"SearchAction\",\"target\":{\"@type\":\"EntryPoint\",\"urlTemplate\":\"https:\\\/\\\/www.vemrent.com\\\/?s={search_term_string}\"},\"query-input\":{\"@type\":\"PropertyValueSpecification\",\"valueRequired\":true,\"valueName\":\"search_term_string\"}}],\"inLanguage\":\"de\"},{\"@type\":\"Organization\",\"@id\":\"https:\\\/\\\/www.vemrent.com\\\/#organization\",\"name\":\"VEM\",\"url\":\"https:\\\/\\\/www.vemrent.com\\\/\",\"logo\":{\"@type\":\"ImageObject\",\"inLanguage\":\"de\",\"@id\":\"https:\\\/\\\/www.vemrent.com\\\/#\\\/schema\\\/logo\\\/image\\\/\",\"url\":\"https:\\\/\\\/www.vemrent.com\\\/wp-content\\\/uploads\\\/2018\\\/02\\\/VEM_190x60.png\",\"contentUrl\":\"https:\\\/\\\/www.vemrent.com\\\/wp-content\\\/uploads\\\/2018\\\/02\\\/VEM_190x60.png\",\"width\":190,\"height\":52,\"caption\":\"VEM\"},\"image\":{\"@id\":\"https:\\\/\\\/www.vemrent.com\\\/#\\\/schema\\\/logo\\\/image\\\/\"},\"sameAs\":[\"https:\\\/\\\/www.facebook.com\\\/vemelettromedicali\\\/\",\"https:\\\/\\\/x.com\\\/vemrent_italy\",\"https:\\\/\\\/www.instagram.com\\\/vemrent\\\/\",\"https:\\\/\\\/www.linkedin.com\\\/company\\\/vemrent\\\/\",\"https:\\\/\\\/www.youtube.com\\\/channel\\\/UCVPNGLNXXMw1r2bP0BUNFwg\\\/featured\"]}]}<\/script>\n<!-- \/ Yoast SEO plugin. -->","yoast_head_json":{"title":"Fontana di Trevi behindertengerecht: Tipps f\u00fcr Rom","description":"Fontana di Trevi barrierefrei besuchen: Zug\u00e4nglichkeit, Rollstuhlwege & praktische Reisetipps f\u00fcr Rom. VemRent hilft Ihnen, Ihren Besuch optimal zu planen.","robots":{"index":"index","follow":"follow","max-snippet":"max-snippet:-1","max-image-preview":"max-image-preview:large","max-video-preview":"max-video-preview:-1"},"canonical":"https:\/\/www.vemrent.com\/de\/roma-accessibile\/fontana-di-trevi\/","og_locale":"de_DE","og_type":"article","og_title":"Fontana di Trevi behindertengerecht: Tipps f\u00fcr Rom","og_description":"Fontana di Trevi barrierefrei besuchen: Zug\u00e4nglichkeit, Rollstuhlwege & praktische Reisetipps f\u00fcr Rom. VemRent hilft Ihnen, Ihren Besuch optimal zu planen.","og_url":"https:\/\/www.vemrent.com\/de\/roma-accessibile\/fontana-di-trevi\/","og_site_name":"VEM Vermietung mit Lieferung","article_publisher":"https:\/\/www.facebook.com\/vemelettromedicali\/","article_modified_time":"2026-08-22T16:20:56+00:00","twitter_misc":{"Gesch\u00e4tzte Lesezeit":"1\u00a0Minute"},"schema":{"@context":"https:\/\/schema.org","@graph":[{"@type":"WebPage","@id":"https:\/\/www.vemrent.com\/de\/roma-accessibile\/fontana-di-trevi\/","url":"https:\/\/www.vemrent.com\/de\/roma-accessibile\/fontana-di-trevi\/","name":"Fontana di Trevi behindertengerecht: Tipps f\u00fcr Rom","isPartOf":{"@id":"https:\/\/www.vemrent.com\/#website"},"datePublished":"2026-08-02T20:35:23+00:00","dateModified":"2026-08-22T16:20:56+00:00","description":"Fontana di Trevi barrierefrei besuchen: Zug\u00e4nglichkeit, Rollstuhlwege & praktische Reisetipps f\u00fcr Rom. VemRent hilft Ihnen, Ihren Besuch optimal zu planen.","breadcrumb":{"@id":"https:\/\/www.vemrent.com\/de\/roma-accessibile\/fontana-di-trevi\/#breadcrumb"},"inLanguage":"de","potentialAction":[{"@type":"ReadAction","target":["https:\/\/www.vemrent.com\/de\/roma-accessibile\/fontana-di-trevi\/"]}]},{"@type":"BreadcrumbList","@id":"https:\/\/www.vemrent.com\/de\/roma-accessibile\/fontana-di-trevi\/#breadcrumb","itemListElement":[{"@type":"ListItem","position":1,"name":"Home","item":"https:\/\/www.vemrent.com\/de\/"},{"@type":"ListItem","position":2,"name":"Rom Rollstuhl Zugang: Tipps f\u00fcr barrierefreies Reisen","item":"https:\/\/www.vemrent.com\/de\/roma-accessibile\/"},{"@type":"ListItem","position":3,"name":"Fontana di Trevi behindertengerecht: Tipps f\u00fcr Rom"}]},{"@type":"WebSite","@id":"https:\/\/www.vemrent.com\/#website","url":"https:\/\/www.vemrent.com\/","name":"VEM Vermietung mit Lieferung","description":"Vermietung von Mobilit\u00e4ts- und Reha-Hilfsmitteln","publisher":{"@id":"https:\/\/www.vemrent.com\/#organization"},"potentialAction":[{"@type":"SearchAction","target":{"@type":"EntryPoint","urlTemplate":"https:\/\/www.vemrent.com\/?s={search_term_string}"},"query-input":{"@type":"PropertyValueSpecification","valueRequired":true,"valueName":"search_term_string"}}],"inLanguage":"de"},{"@type":"Organization","@id":"https:\/\/www.vemrent.com\/#organization","name":"VEM","url":"https:\/\/www.vemrent.com\/","logo":{"@type":"ImageObject","inLanguage":"de","@id":"https:\/\/www.vemrent.com\/#\/schema\/logo\/image\/","url":"https:\/\/www.vemrent.com\/wp-content\/uploads\/2018\/02\/VEM_190x60.png","contentUrl":"https:\/\/www.vemrent.com\/wp-content\/uploads\/2018\/02\/VEM_190x60.png","width":190,"height":52,"caption":"VEM"},"image":{"@id":"https:\/\/www.vemrent.com\/#\/schema\/logo\/image\/"},"sameAs":["https:\/\/www.facebook.com\/vemelettromedicali\/","https:\/\/x.com\/vemrent_italy","https:\/\/www.instagram.com\/vemrent\/","https:\/\/www.linkedin.com\/company\/vemrent\/","https:\/\/www.youtube.com\/channel\/UCVPNGLNXXMw1r2bP0BUNFwg\/featured"]}]}},"_links":{"self":[{"href":"https:\/\/www.vemrent.com\/de\/wp-json\/wp\/v2\/pages\/15754","targetHints":{"allow":["GET"]}}],"collection":[{"href":"https:\/\/www.vemrent.com\/de\/wp-json\/wp\/v2\/pages"}],"about":[{"href":"https:\/\/www.vemrent.com\/de\/wp-json\/wp\/v2\/types\/page"}],"replies":[{"embeddable":true,"href":"https:\/\/www.vemrent.com\/de\/wp-json\/wp\/v2\/comments?post=15754"}],"version-history":[{"count":1,"href":"https:\/\/www.vemrent.com\/de\/wp-json\/wp\/v2\/pages\/15754\/revisions"}],"predecessor-version":[{"id":22958,"href":"https:\/\/www.vemrent.com\/de\/wp-json\/wp\/v2\/pages\/15754\/revisions\/22958"}],"up":[{"embeddable":true,"href":"https:\/\/www.vemrent.com\/de\/wp-json\/wp\/v2\/pages\/15537"}],"wp:attachment":[{"href":"https:\/\/www.vemrent.com\/de\/wp-json\/wp\/v2\/media?parent=15754"}],"curies":[{"name":"wp","href":"https:\/\/api.w.org\/{rel}","templated":true}]}}

Fontana di Trevi behindertengerecht: Tipps für Rom

<h2>Das Denkmal</h2>
<p>Der Trevi-Brunnen (Nicola Salvi, 1762) ist der berühmteste Barockbrunnen Roms, alle wichtigen Informationen zur barrierefreien Besichtigung in Rom finden Sie hier ausführlich beschrieben. Weltbekannt ist er für die Tradition des Münzwurfs.</p>
<h2>Barrierefreiheit und Erleichterungen</h2>
<ul>
<li><strong>Freier Eintritt</strong>, offener Platz.</li>
<li>Die <strong>Aussicht von oben</strong> (auf Straßenniveau) ist eben und erlaubt einen guten Blick auf den Brunnen.</li>
<li>Um an das Brunnenbecken heranzutreten, sind einige <strong>Stufen</strong> zu überwinden.</li>
<li>Die umliegenden Gassen sind mit Kopfsteinpflaster (Sampietrini) gepflastert; der Bereich ist häufig sehr stark besucht.</li>
</ul>
<div class="vrm-ausilio"><p class="vrm-ausilio__title"><i class="fa fa-wheelchair" aria-hidden="true"></i> Welches Hilfsmittel wir für diesen Besuch empfehlen</p><div class="vrm-ausilio__text"><p>Der Blick von oben ist barrierefrei; für das Kopfsteinpflaster der umliegenden Gassen empfiehlt sich ein robuster Rollstuhl mit Begleitperson.</p>
</div><a class="vrm-ausilio__btn" href="https://www.vemrent.com/de/rollstuhl-verleih-rom/">Empfohlene rollstühle anzeigen <i class="fa fa-arrow-right" aria-hidden="true"></i></a></div>
<div class="vrm-grid2">
<div>
<h2>Kosten und Öffnungszeiten</h2>
<div class="vrm-costi">
<p><i class="fa fa-ticket-alt"></i> Eintritt frei.</p>
<p><i class="fa fa-clock"></i> Jederzeit zugänglich, im Freien.</p>
<p><a href="https://www.turismoroma.it/" target="_blank" rel="noopener">Aktuelle Informationen auf der offiziellen Website <i class="fa fa-external-link-alt" aria-hidden="true"></i></a></p>
</div>
</div>
<div>
<h2>Lage</h2>
<div class="vr-mappa"><div class="vr-mappa__embed" id="vr-single-map" data-lat="41.9009" data-lng="12.4833" data-title="Fontana di Trevi behindertengerecht: Tipps für Rom" style="height:300px;border-radius:10px;overflow:hidden;background:#f0f0f0;"></div></div></div>
</div>
<h2>Anreise (barrierefrei)</h2>
<div class="vrm-arrivo">
<div class="vrm-arrivo__row"><i class="fa fa-train"></i></p>
<div><strong>Ab Termini</strong>: Metro A bis „Barberini&#8220;, dann ca. 7 Minuten zu Fuß</div>
</div>
<div class="vrm-arrivo__row"><i class="fa fa-plane"></i></p>
<div><strong>Ab Fiumicino / Ciampino</strong>: Verbindung nach Termini, dann Metro A; alternativ ein Tür-zu-Tür-Transfer.</div>
</div>
<div class="vrm-arrivo__row"><i class="fa fa-ship"></i></p>
<div><strong>Ab Civitavecchia (Kreuzfahrten)</strong>: Zug nach Rom und Metro A, oder direkter Transfer.</div>
</div>
</div>

<p>Das Denkmal Der Trevi-Brunnen (Nicola Salvi, 1762) ist der berühmteste Barockbrunnen Roms, alle wichtigen Informationen zur barrierefreien Besichtigung in Rom finden Sie hier ausführlich beschrieben. Weltbekannt ist er für die Tradition des Münzwurfs. Barrierefreiheit und Erleichterungen Freier Eintritt, offener Platz. Die Aussicht von oben (auf Straßenniveau) ist eben und erlaubt einen guten Blick auf den [&#8230;]

<!-- This site is optimized with the Yoast SEO plugin v28.3 - https://yoast.com/product/yoast-seo-wordpress/ -->
<title>Fontana di Trevi behindertengerecht: Tipps für Rom</title>
<meta name="description" content="Fontana di Trevi barrierefrei besuchen: Zugänglichkeit, Rollstuhlwege &amp; praktische Reisetipps für Rom. VemRent hilft Ihnen, Ihren Besuch optimal zu planen." />
<meta name="robots" content="index, follow, max-snippet:-1, max-image-preview:large, max-video-preview:-1" />
<link rel="canonical" href="https://www.vemrent.com/de/roma-accessibile/fontana-di-trevi/" />
<meta property="og:locale" content="de_DE" />
<meta property="og:type" content="article" />
<meta property="og:title" content="Fontana di Trevi behindertengerecht: Tipps für Rom" />
<meta property="og:description" content="Fontana di Trevi barrierefrei besuchen: Zugänglichkeit, Rollstuhlwege &amp; praktische Reisetipps für Rom. VemRent hilft Ihnen, Ihren Besuch optimal zu planen." />
<meta property="og:url" content="https://www.vemrent.com/de/roma-accessibile/fontana-di-trevi/" />
<meta property="og:site_name" content="VEM Vermietung mit Lieferung" />
<meta property="article:publisher" content="https://www.facebook.com/vemelettromedicali/" />
<meta property="article:modified_time" content="2026-08-22T16:20:56+00:00" />
<meta name="twitter:label1" content="Geschätzte Lesezeit" />
	<meta name="twitter:data1" content="1 Minute" />
<script type="application/ld+json" class="yoast-schema-graph">{"@context":"https:\/\/schema.org","@graph":[{"@type":"WebPage","@id":"https:\/\/www.vemrent.com\/de\/roma-accessibile\/fontana-di-trevi\/","url":"https:\/\/www.vemrent.com\/de\/roma-accessibile\/fontana-di-trevi\/","name":"Fontana di Trevi behindertengerecht: Tipps für Rom","isPartOf":{"@id":"https:\/\/www.vemrent.com\/#website"},"datePublished":"2026-08-02T20:35:23+00:00","dateModified":"2026-08-22T16:20:56+00:00","description":"Fontana di Trevi barrierefrei besuchen: Zugänglichkeit, Rollstuhlwege & praktische Reisetipps für Rom. VemRent hilft Ihnen, Ihren Besuch optimal zu planen.","breadcrumb":{"@id":"https:\/\/www.vemrent.com\/de\/roma-accessibile\/fontana-di-trevi\/#breadcrumb"},"inLanguage":"de","potentialAction":[{"@type":"ReadAction","target":["https:\/\/www.vemrent.com\/de\/roma-accessibile\/fontana-di-trevi\/"]}]},{"@type":"BreadcrumbList","@id":"https:\/\/www.vemrent.com\/de\/roma-accessibile\/fontana-di-trevi\/#breadcrumb","itemListElement":[{"@type":"ListItem","position":1,"name":"Home","item":"https:\/\/www.vemrent.com\/de\/"},{"@type":"ListItem","position":2,"name":"Rom Rollstuhl Zugang: Tipps für barrierefreies Reisen","item":"https:\/\/www.vemrent.com\/de\/roma-accessibile\/"},{"@type":"ListItem","position":3,"name":"Fontana di Trevi behindertengerecht: Tipps für Rom"}]},{"@type":"WebSite","@id":"https:\/\/www.vemrent.com\/#website","url":"https:\/\/www.vemrent.com\/","name":"VEM Vermietung mit Lieferung","description":"Vermietung von Mobilitäts- und Reha-Hilfsmitteln","publisher":{"@id":"https:\/\/www.vemrent.com\/#organization"},"potentialAction":[{"@type":"SearchAction","target":{"@type":"EntryPoint","urlTemplate":"https:\/\/www.vemrent.com\/?s={search_term_string}"},"query-input":{"@type":"PropertyValueSpecification","valueRequired":true,"valueName":"search_term_string"}}],"inLanguage":"de"},{"@type":"Organization","@id":"https:\/\/www.vemrent.com\/#organization","name":"VEM","url":"https:\/\/www.vemrent.com\/","logo":{"@type":"ImageObject","inLanguage":"de","@id":"https:\/\/www.vemrent.com\/#\/schema\/logo\/image\/","url":"https:\/\/www.vemrent.com\/wp-content\/uploads\/2018\/02\/VEM_190x60.png","contentUrl":"https:\/\/www.vemrent.com\/wp-content\/uploads\/2018\/02\/VEM_190x60.png","width":190,"height":52,"caption":"VEM"},"image":{"@id":"https:\/\/www.vemrent.com\/#\/schema\/logo\/image\/"},"sameAs":["https:\/\/www.facebook.com\/vemelettromedicali\/","https:\/\/x.com\/vemrent_italy","https:\/\/www.instagram.com\/vemrent\/","https:\/\/www.linkedin.com\/company\/vemrent\/","https:\/\/www.youtube.com\/channel\/UCVPNGLNXXMw1r2bP0BUNFwg\/featured"]}]}</script>
<!-- / Yoast SEO plugin. -->

Fontana di Trevi barrierefrei besuchen: Zugänglichkeit, Rollstuhlwege & praktische Reisetipps für Rom. VemRent hilft Ihnen, Ihren Besuch optimal zu planen.

Rom Rollstuhl Zugang: Tipps für barrierefreies Reisen

Vermietung von Mobilitäts- und Reha-Hilfsmitteln
